--
-- Host: localhost    Database: cookiesflow_db
-- ------------------------------------------------------


--
-- Table structure for table `attachments`
--

CREATE TABLE `attachments` (
  `id` bigint unsigned NOT NULL AUTO_INCREMENT,
  `name` varchar(255) CHARACTER SET utf8mb4 COLLATE utf8mb4_unicode_ci NOT NULL,
  `original_name` varchar(255) CHARACTER SET utf8mb4 COLLATE utf8mb4_unicode_ci NOT NULL,
  `type` varchar(255) CHARACTER SET utf8mb4 COLLATE utf8mb4_unicode_ci DEFAULT NULL,
  `size` double DEFAULT NULL,
  `group` varchar(255) CHARACTER SET utf8mb4 COLLATE utf8mb4_unicode_ci DEFAULT NULL,
  `attachmentable_id` bigint NOT NULL,
  `attachmentable_type` varchar(255) CHARACTER SET utf8mb4 COLLATE utf8mb4_unicode_ci NOT NULL,
  `created_at` timestamp NULL DEFAULT NULL,
  `updated_at` timestamp NULL DEFAULT NULL,
  PRIMARY KEY (`id`)
) ENGINE=InnoDB DEFAULT CHARSET=utf8mb4 COLLATE=utf8mb4_unicode_ci;

--
-- Dumping data for table `attachments`
--


--
-- Table structure for table `blogs`
--

CREATE TABLE `blogs` (
  `id` bigint unsigned NOT NULL AUTO_INCREMENT,
  `created_at` timestamp NULL DEFAULT NULL,
  `updated_at` timestamp NULL DEFAULT NULL,
  PRIMARY KEY (`id`)
) ENGINE=InnoDB DEFAULT CHARSET=utf8mb4 COLLATE=utf8mb4_unicode_ci;

--
-- Dumping data for table `blogs`
--


--
-- Table structure for table `companies`
--

CREATE TABLE `companies` (
  `id` bigint unsigned NOT NULL AUTO_INCREMENT,
  `user_id` bigint unsigned NOT NULL,
  `name` varchar(255) CHARACTER SET utf8mb4 COLLATE utf8mb4_unicode_ci DEFAULT NULL,
  `vat` varchar(255) CHARACTER SET utf8mb4 COLLATE utf8mb4_unicode_ci DEFAULT NULL,
  `address1` varchar(255) CHARACTER SET utf8mb4 COLLATE utf8mb4_unicode_ci DEFAULT NULL,
  `address2` varchar(255) CHARACTER SET utf8mb4 COLLATE utf8mb4_unicode_ci DEFAULT NULL,
  `country` varchar(255) CHARACTER SET utf8mb4 COLLATE utf8mb4_unicode_ci DEFAULT NULL,
  `zip` varchar(255) CHARACTER SET utf8mb4 COLLATE utf8mb4_unicode_ci DEFAULT NULL,
  `city` varchar(255) CHARACTER SET utf8mb4 COLLATE utf8mb4_unicode_ci DEFAULT NULL,
  `created_at` timestamp NULL DEFAULT NULL,
  `updated_at` timestamp NULL DEFAULT NULL,
  PRIMARY KEY (`id`),
  KEY `companies_user_id_foreign` (`user_id`),
  CONSTRAINT `companies_user_id_foreign` FOREIGN KEY (`user_id`) REFERENCES `users` (`id`) ON DELETE CASCADE
) ENGINE=InnoDB AUTO_INCREMENT=4 DEFAULT CHARSET=utf8mb4 COLLATE=utf8mb4_unicode_ci;

--
-- Dumping data for table `companies`
--

INSERT INTO `companies` VALUES (1,2,'Testtt','111','address line 1 Test 1-1','address line 2 Test 2','Utopia','111222','Los Angeles C','2024-09-23 08:30:54','2024-09-23 08:31:12'),(2,14,'muhcoder','123456789','','','','','','2024-11-16 19:31:16','2024-11-16 19:31:16'),(3,12,'Flowrolls sp. z o.o.','PL5252782453','Polska 20','','Polska','81-339','Gdynia','2024-12-08 09:09:44','2024-12-08 09:09:44');

--
-- Table structure for table `failed_jobs`
--

CREATE TABLE `failed_jobs` (
  `id` bigint unsigned NOT NULL AUTO_INCREMENT,
  `uuid` varchar(255) CHARACTER SET utf8mb4 COLLATE utf8mb4_unicode_ci NOT NULL,
  `connection` text CHARACTER SET utf8mb4 COLLATE utf8mb4_unicode_ci NOT NULL,
  `queue` text CHARACTER SET utf8mb4 COLLATE utf8mb4_unicode_ci NOT NULL,
  `payload` longtext CHARACTER SET utf8mb4 COLLATE utf8mb4_unicode_ci NOT NULL,
  `exception` longtext CHARACTER SET utf8mb4 COLLATE utf8mb4_unicode_ci NOT NULL,
  `failed_at` timestamp NOT NULL DEFAULT CURRENT_TIMESTAMP,
  PRIMARY KEY (`id`),
  UNIQUE KEY `failed_jobs_uuid_unique` (`uuid`)
) ENGINE=InnoDB DEFAULT CHARSET=utf8mb4 COLLATE=utf8mb4_unicode_ci;

--
-- Dumping data for table `failed_jobs`
--


--
-- Table structure for table `faqs`
--

CREATE TABLE `faqs` (
  `id` bigint unsigned NOT NULL AUTO_INCREMENT,
  `question` varchar(510) CHARACTER SET utf8mb4 COLLATE utf8mb4_unicode_ci NOT NULL,
  `answer` json DEFAULT NULL,
  `created_at` timestamp NULL DEFAULT NULL,
  `updated_at` timestamp NULL DEFAULT NULL,
  PRIMARY KEY (`id`)
) ENGINE=InnoDB AUTO_INCREMENT=6 DEFAULT CHARSET=utf8mb4 COLLATE=utf8mb4_unicode_ci;

--
-- Dumping data for table `faqs`
--

INSERT INTO `faqs` VALUES (2,'{\"en\":\"Czym jest CookiesFlow?\",\"es\":null}','{\"en\": \"CookiesFlow to narzędzie typu cookie bot, które umożliwia dostosowanie strony internetowej do wymogów RODO, CCPA/CPRA, VCDPA, LGPD i POPIA. Oferuje funkcje związane z zarządzaniem zgodą na pliki cookie, automatycznym kategoryzowaniem cookies, integracją z Google Tag Managerem oraz możliwością dostosowania wyglądu banera zgody.\", \"es\": null}','2024-11-10 05:41:37','2024-11-10 05:41:37'),(3,'{\"en\":\"Czy CookiesFlow oferuje automatyczne kategoryzowanie plik\\u00f3w cookie?\",\"es\":null}','{\"en\": \"Tak, funkcja automatycznego kategoryzowania plików cookie jest dostępna od planu podstawowego wzwyż. Plan darmowy tej funkcji nie obejmuje.\", \"es\": null}','2024-11-10 05:42:02','2024-11-10 05:42:02'),(4,'{\"en\":\"Czy mog\\u0119 skorzysta\\u0107 z rocznej subskrypcji z rabatem?\",\"es\":null}','{\"en\": \"Tak, CookiesFlow oferuje zniżkę 20% przy opłacie za cały rok z góry na wszystkie plany.\", \"es\": null}','2024-11-10 05:42:30','2024-11-10 05:42:30'),(5,'{\"en\":\"Gdzie mog\\u0119 uzyska\\u0107 wsparcie techniczne?\",\"es\":null}','{\"en\": \"Możesz skontaktować się z naszym zespołem wsparcia technicznego przez zakładkę „Contact Support” lub skorzystać z sekcji FAQ na stronie.\", \"es\": null}','2024-11-10 05:42:48','2024-11-10 05:42:48');

--
-- Table structure for table `feedback`
--

CREATE TABLE `feedback` (
  `id` bigint unsigned NOT NULL AUTO_INCREMENT,
  `user_id` bigint unsigned DEFAULT NULL,
  `email` varchar(255) CHARACTER SET utf8mb4 COLLATE utf8mb4_unicode_ci NOT NULL,
  `title` varchar(255) CHARACTER SET utf8mb4 COLLATE utf8mb4_unicode_ci NOT NULL,
  `text` text CHARACTER SET utf8mb4 COLLATE utf8mb4_unicode_ci NOT NULL,
  `created_at` timestamp NULL DEFAULT NULL,
  `updated_at` timestamp NULL DEFAULT NULL,
  PRIMARY KEY (`id`),
  KEY `feedback_user_id_foreign` (`user_id`),
  CONSTRAINT `feedback_user_id_foreign` FOREIGN KEY (`user_id`) REFERENCES `users` (`id`) ON DELETE CASCADE
) ENGINE=InnoDB DEFAULT CHARSET=utf8mb4 COLLATE=utf8mb4_unicode_ci;

--
-- Dumping data for table `feedback`
--


--
-- Table structure for table `jobs`
--

CREATE TABLE `jobs` (
  `id` bigint unsigned NOT NULL AUTO_INCREMENT,
  `queue` varchar(255) CHARACTER SET utf8mb4 COLLATE utf8mb4_unicode_ci NOT NULL,
  `payload` longtext CHARACTER SET utf8mb4 COLLATE utf8mb4_unicode_ci NOT NULL,
  `attempts` tinyint unsigned NOT NULL,
  `reserved_at` int unsigned DEFAULT NULL,
  `available_at` int unsigned NOT NULL,
  `created_at` int unsigned NOT NULL,
  PRIMARY KEY (`id`),
  KEY `jobs_queue_index` (`queue`)
) ENGINE=InnoDB DEFAULT CHARSET=utf8mb4 COLLATE=utf8mb4_unicode_ci;

--
-- Dumping data for table `jobs`
--


--
-- Table structure for table `menu_items`
--

CREATE TABLE `menu_items` (
  `id` bigint unsigned NOT NULL AUTO_INCREMENT,
  `menu_id` bigint unsigned NOT NULL,
  `parent_id` bigint unsigned DEFAULT NULL,
  `title` varchar(255) CHARACTER SET utf8mb4 COLLATE utf8mb4_unicode_ci DEFAULT NULL,
  `link` varchar(255) CHARACTER SET utf8mb4 COLLATE utf8mb4_unicode_ci DEFAULT NULL,
  `icon` varchar(255) CHARACTER SET utf8mb4 COLLATE utf8mb4_unicode_ci DEFAULT NULL,
  `sort` int NOT NULL,
  `created_at` timestamp NULL DEFAULT NULL,
  `updated_at` timestamp NULL DEFAULT NULL,
  PRIMARY KEY (`id`),
  KEY `menu_items_menu_id_foreign` (`menu_id`),
  KEY `menu_items_parent_id_foreign` (`parent_id`),
  CONSTRAINT `menu_items_menu_id_foreign` FOREIGN KEY (`menu_id`) REFERENCES `menus` (`id`) ON DELETE CASCADE,
  CONSTRAINT `menu_items_parent_id_foreign` FOREIGN KEY (`parent_id`) REFERENCES `menu_items` (`id`) ON DELETE CASCADE
) ENGINE=InnoDB AUTO_INCREMENT=12 DEFAULT CHARSET=utf8mb4 COLLATE=utf8mb4_unicode_ci;

--
-- Dumping data for table `menu_items`
--

INSERT INTO `menu_items` VALUES (1,1,NULL,'Pricing','subscription-plans',NULL,0,'2024-09-16 04:58:26','2024-09-16 04:58:26'),(2,1,NULL,'About Us','about-us',NULL,1,'2024-09-16 04:58:26','2024-09-16 04:58:26'),(3,1,NULL,'How It Works','how-it-works',NULL,2,'2024-09-16 04:58:26','2024-09-16 04:58:26'),(4,1,NULL,'Blog','blog',NULL,3,'2024-09-16 04:58:26','2024-09-16 04:58:26'),(5,1,NULL,'Contact Us','contact-us',NULL,4,'2024-09-16 04:58:26','2024-09-16 04:58:26'),(6,2,NULL,'How It Works','how-it-works',NULL,0,'2024-09-16 04:58:26','2024-09-16 04:58:26'),(7,2,NULL,'Pricing','subscription-plans',NULL,1,'2024-09-16 04:58:26','2024-09-16 04:58:26'),(8,2,NULL,'Blog','blog',NULL,2,'2024-09-16 04:58:26','2024-09-16 04:58:26'),(9,3,NULL,'About Us','about-us',NULL,0,'2024-09-16 04:58:26','2024-09-16 04:58:26'),(10,5,NULL,'Terms','terms',NULL,0,'2024-09-16 04:58:26','2024-09-16 04:58:26'),(11,5,NULL,'Privacy','privacy',NULL,1,'2024-09-16 04:58:26','2024-09-16 04:58:26');

--
-- Table structure for table `menus`
--

CREATE TABLE `menus` (
  `id` bigint unsigned NOT NULL AUTO_INCREMENT,
  `name` varchar(255) CHARACTER SET utf8mb4 COLLATE utf8mb4_unicode_ci NOT NULL,
  `code` varchar(255) CHARACTER SET utf8mb4 COLLATE utf8mb4_unicode_ci NOT NULL,
  `created_at` timestamp NULL DEFAULT NULL,
  `updated_at` timestamp NULL DEFAULT NULL,
  PRIMARY KEY (`id`)
) ENGINE=InnoDB AUTO_INCREMENT=6 DEFAULT CHARSET=utf8mb4 COLLATE=utf8mb4_unicode_ci;

--
-- Dumping data for table `menus`
--

INSERT INTO `menus` VALUES (1,'Header','header','2024-09-16 04:58:26','2024-09-16 04:58:26'),(2,'Footer 1','footer-1','2024-09-16 04:58:26','2024-09-16 04:58:26'),(3,'Footer 2','footer-2','2024-09-16 04:58:26','2024-09-16 04:58:26'),(4,'Footer 3','footer-3','2024-09-16 04:58:26','2024-09-16 04:58:26'),(5,'Footer Bottom','footer-bottom','2024-09-16 04:58:26','2024-09-16 04:58:26');

--
-- Table structure for table `messages`
--

CREATE TABLE `messages` (
  `id` bigint unsigned NOT NULL AUTO_INCREMENT,
  `support_chat_id` bigint unsigned NOT NULL,
  `user_id` bigint unsigned NOT NULL,
  `sender` varchar(255) CHARACTER SET utf8mb4 COLLATE utf8mb4_unicode_ci DEFAULT NULL,
  `message` text CHARACTER SET utf8mb4 COLLATE utf8mb4_unicode_ci NOT NULL,
  `is_read` tinyint(1) NOT NULL DEFAULT '0',
  `created_at` timestamp NULL DEFAULT NULL,
  `updated_at` timestamp NULL DEFAULT NULL,
  PRIMARY KEY (`id`),
  KEY `messages_user_id_foreign` (`user_id`),
  KEY `messages_support_chat_id_foreign` (`support_chat_id`),
  CONSTRAINT `messages_support_chat_id_foreign` FOREIGN KEY (`support_chat_id`) REFERENCES `support_chats` (`id`) ON DELETE CASCADE,
  CONSTRAINT `messages_user_id_foreign` FOREIGN KEY (`user_id`) REFERENCES `users` (`id`) ON DELETE CASCADE
) ENGINE=InnoDB AUTO_INCREMENT=53 DEFAULT CHARSET=utf8mb4 COLLATE=utf8mb4_unicode_ci;

--
-- Dumping data for table `messages`
--

INSERT INTO `messages` VALUES (35,10,2,'user','tefStart',1,'2024-10-31 12:36:58','2024-11-15 14:53:30'),(36,10,1,'admin','Admin1',1,'2024-10-31 12:37:12','2024-11-19 13:55:09'),(37,10,2,'user','User 2',1,'2024-10-31 12:37:21','2024-11-15 14:53:30'),(38,10,1,'admin','adm2',1,'2024-10-31 12:47:20','2024-11-19 13:55:09'),(39,10,2,'user','user 3',1,'2024-10-31 12:47:30','2024-11-15 14:53:30'),(40,10,2,'user','tes user 4',1,'2024-10-31 13:00:23','2024-11-15 14:53:30'),(41,10,2,'user','test user 5',1,'2024-10-31 13:02:28','2024-11-15 14:53:30'),(42,10,2,'user','test user 5',1,'2024-10-31 13:02:35','2024-11-15 14:53:30'),(43,10,2,'user','Test',1,'2024-11-04 14:34:39','2024-11-15 14:53:30'),(44,10,2,'user','testsdfsadf1',1,'2024-11-04 14:35:16','2024-11-15 14:53:30'),(45,10,2,'user','test',1,'2024-11-04 14:35:21','2024-11-15 14:53:30'),(46,10,2,'user','tessssss',1,'2024-11-04 16:12:13','2024-11-15 14:53:30'),(47,11,12,'user','Hey',1,'2024-11-05 12:00:56','2024-11-15 14:53:49'),(48,10,1,'admin','HH',1,'2024-11-15 14:53:29','2024-11-19 13:55:09'),(49,11,1,'admin','Hello, jak możemy pomóc?',1,'2024-11-15 14:53:47','2024-11-23 17:52:21'),(50,12,14,'user','Hi',1,'2024-11-16 19:18:57','2024-12-05 14:58:28'),(51,11,12,'user','nie wiem',0,'2024-11-23 17:52:15','2024-11-23 17:52:15'),(52,13,19,'user','hello michal',0,'2025-01-06 20:05:47','2025-01-06 20:05:47');

--
-- Table structure for table `migrations`
--

CREATE TABLE `migrations` (
  `id` int unsigned NOT NULL AUTO_INCREMENT,
  `migration` varchar(255) CHARACTER SET utf8mb4 COLLATE utf8mb4_unicode_ci NOT NULL,
  `batch` int NOT NULL,
  PRIMARY KEY (`id`)
) ENGINE=InnoDB AUTO_INCREMENT=65 DEFAULT CHARSET=utf8mb4 COLLATE=utf8mb4_unicode_ci;

--
-- Dumping data for table `migrations`
--

INSERT INTO `migrations` VALUES (1,'2014_10_12_000000_create_users_table',1),(2,'2014_10_12_100000_create_password_resets_table',1),(3,'2014_10_12_200000_add_two_factor_columns_to_users_table',1),(4,'2019_08_19_000000_create_failed_jobs_table',1),(5,'2019_12_14_000001_create_personal_access_tokens_table',1),(6,'2022_07_30_060946_create_jobs_table',1),(7,'2022_07_30_071030_create_roles_table',1),(8,'2022_07_31_074922_create_user_role_table',1),(9,'2022_07_31_074940_create_settings_table',1),(10,'2022_07_31_075001_create_attachments_table',1),(11,'2022_07_31_075020_create_subscription_plans_table',1),(12,'2022_07_31_075027_create_subscriptions_table',1),(13,'2022_07_31_075036_create_subscription_cycles_table',1),(14,'2022_07_31_075128_create_pages_table',1),(15,'2022_07_31_075135_create_page_blocks_table',1),(16,'2022_07_31_080633_create_menus_table',1),(17,'2022_07_31_080637_create_menu_items_table',1),(18,'2022_08_04_170000_alter_users_table_',1),(19,'2022_08_04_175641_create_feedback_table',1),(20,'2022_08_04_184253_create_social_users_table',1),(21,'2022_08_06_074708_create_payment_methods_table',1),(22,'2022_08_11_162012_create_translations_table',1),(23,'2022_08_11_162527_create_blogs_table',1),(27,'2024_09_17_070725_create_websites_table',2),(28,'2024_09_18_141921_create_popup_templates_table',2),(34,'2024_09_19_135024_create_popup_template_user_table',3),(36,'2024_09_23_092341_add_fields_to_user_table',4),(37,'2024_09_23_095835_create_companies_table',5),(42,'2024_09_23_135121_add_fields_to_subscription_plans_table',6),(44,'2024_09_25_083451_add_fields_to_subscriptions_table',7),(46,'2024_09_25_133659_create_website_stats_table',8),(47,'2024_09_25_144453_remove_fields_in_websites_table',9),(48,'2024_10_17_093640_add_field_cookies_websites_table',10),(49,'2024_09_25_094534_create_policy_terms_table',11),(50,'2024_09_25_122122_create_faqs_table',11),(51,'2024_09_25_134542_create_messages_table',11),(52,'2024_10_18_140709_create_open_cookies_table',12),(53,'2024_10_30_134932_create_support_chats_table',13),(54,'2024_10_30_135346_create_support_chat_user_table',13),(55,'2024_10_30_135606_edit_messages_table',14),(57,'2024_11_01_152705_add_accept_to_website_stats_table',15),(58,'2024_11_04_145917_add_fields_to_users_table',16),(59,'2024_11_05_155218_add_field_to_websites_table',17),(60,'2024_11_14_090246_create_popup_template_translations_table',18),(61,'2024_11_15_092301_add_locale_to_websites_table',18),(62,'2024_11_28_142620_add_gcm_to_websites_table',19),(63,'2024_11_29_153548_add_additional_params_to_websites_table',20),(64,'2024_12_06_104532_create_notifications_table',21);

--
-- Table structure for table `notifications`
--

CREATE TABLE `notifications` (
  `id` bigint unsigned NOT NULL AUTO_INCREMENT,
  `user_id` bigint unsigned NOT NULL,
  `title` varchar(255) COLLATE utf8mb4_unicode_ci DEFAULT NULL,
  `type` varchar(255) COLLATE utf8mb4_unicode_ci NOT NULL DEFAULT 'informative',
  `event_type` varchar(255) COLLATE utf8mb4_unicode_ci DEFAULT NULL,
  `message` text COLLATE utf8mb4_unicode_ci,
  `read` int NOT NULL DEFAULT '0',
  `created_at` timestamp NULL DEFAULT NULL,
  `updated_at` timestamp NULL DEFAULT NULL,
  PRIMARY KEY (`id`),
  KEY `notifications_user_id_foreign` (`user_id`),
  CONSTRAINT `notifications_user_id_foreign` FOREIGN KEY (`user_id`) REFERENCES `users` (`id`) ON DELETE CASCADE
) ENGINE=InnoDB AUTO_INCREMENT=24 DEFAULT CHARSET=utf8mb4 COLLATE=utf8mb4_unicode_ci;

--
-- Dumping data for table `notifications`
--

INSERT INTO `notifications` VALUES (1,2,'Website Connection Successful','positive','website_connection_successful','Congratulations! Your website test.test2.com has been successfully connected. You\'re all set to start using our features.',0,'2024-12-10 10:17:43','2024-12-10 10:17:43'),(2,12,'Subscription Expiring Soon','negative','subscription_expiring_soon','Your subscription is expiring in -3. Renew to keep enjoying uninterrupted access to Basic features.',1,'2024-12-10 15:04:22','2024-12-10 15:04:36'),(3,17,'Resource Limit Reached','negative','resource_limit_reached_domain','You’ve reached the limit of websites/domains for your Free plan. Upgrade to add more websites to your account.',0,'2024-12-19 13:47:46','2024-12-19 13:47:46'),(4,17,'Website Connection Successful','positive','website_connection_successful','Congratulations! Your website cookiesflow.com has been successfully connected. You\'re all set to start using our features.',0,'2024-12-19 13:47:46','2024-12-19 13:47:46'),(5,17,'Plan Upgrade Successful','positive','plan_upgrade_successfully','Your plan has been successfully upgraded to Basic. Enjoy your new features and expanded resources!',0,'2024-12-19 13:49:19','2024-12-19 13:49:19'),(6,17,'Payment Processed Successfully','positive','payment_processed_successfully','Your payment was processed successfully, and your plan has been updated. Thank you for being with us!',0,'2024-12-19 13:49:19','2024-12-19 13:49:19'),(7,16,'Plan Upgrade Successful','positive','plan_upgrade_successfully','Your plan has been successfully upgraded to Basic. Enjoy your new features and expanded resources!',0,'2025-01-03 12:16:37','2025-01-03 12:16:37'),(8,16,'Payment Processed Successfully','positive','payment_processed_successfully','Your payment was processed successfully, and your plan has been updated. Thank you for being with us!',0,'2025-01-03 12:16:37','2025-01-03 12:16:37'),(9,16,'','subscription_cancellation_confirmed','informative','',0,'2025-01-03 12:17:33','2025-01-03 12:17:33'),(10,19,'Resource Limit Reached','negative','resource_limit_reached_domain','You’ve reached the limit of websites/domains for your Free plan. Upgrade to add more websites to your account.',0,'2025-01-06 19:36:37','2025-01-06 19:36:37'),(11,19,'Website Connection Successful','positive','website_connection_successful','Congratulations! Your website ced-connect.webflow.io has been successfully connected. You\'re all set to start using our features.',0,'2025-01-06 19:36:37','2025-01-06 19:36:37'),(12,16,'Resource Limit Reached','negative','resource_limit_reached_domain','You’ve reached the limit of websites/domains for your Free plan. Upgrade to add more websites to your account.',0,'2025-01-06 19:42:26','2025-01-06 19:42:26'),(13,16,'Website Connection Successful','positive','website_connection_successful','Congratulations! Your website openclinic.pl has been successfully connected. You\'re all set to start using our features.',0,'2025-01-06 19:42:26','2025-01-06 19:42:26'),(14,19,'Resource Limit Reached','negative','resource_limit_reached_domain','You’ve reached the limit of websites/domains for your Free plan. Upgrade to add more websites to your account.',0,'2025-01-06 19:46:28','2025-01-06 19:46:28'),(15,19,'Website Connection Successful','positive','website_connection_successful','Congratulations! Your website ced-connect.webflow.io has been successfully connected. You\'re all set to start using our features.',0,'2025-01-06 19:46:28','2025-01-06 19:46:28'),(16,19,'Resource Limit Reached','negative','resource_limit_reached_domain','You’ve reached the limit of websites/domains for your Free plan. Upgrade to add more websites to your account.',0,'2025-01-06 19:48:23','2025-01-06 19:48:23'),(17,19,'Website Connection Successful','positive','website_connection_successful','Congratulations! Your website ced-connect.webflow.io has been successfully connected. You\'re all set to start using our features.',0,'2025-01-06 19:48:23','2025-01-06 19:48:23'),(18,19,'Resource Limit Reached','negative','resource_limit_reached_domain','You’ve reached the limit of websites/domains for your Free plan. Upgrade to add more websites to your account.',0,'2025-01-06 19:48:55','2025-01-06 19:48:55'),(19,19,'Website Connection Successful','positive','website_connection_successful','Congratulations! Your website ced-connect.webflow.io has been successfully connected. You\'re all set to start using our features.',0,'2025-01-06 19:48:55','2025-01-06 19:48:55'),(20,19,'Resource Limit Reached','negative','resource_limit_reached_domain','You’ve reached the limit of websites/domains for your Free plan. Upgrade to add more websites to your account.',0,'2025-01-06 19:49:09','2025-01-06 19:49:09'),(21,19,'Website Connection Successful','positive','website_connection_successful','Congratulations! Your website ced-connect.webflow.io has been successfully connected. You\'re all set to start using our features.',0,'2025-01-06 19:49:09','2025-01-06 19:49:09'),(22,16,'Resource Limit Reached','negative','resource_limit_reached_domain','You’ve reached the limit of websites/domains for your Free plan. Upgrade to add more websites to your account.',0,'2025-01-06 19:58:10','2025-01-06 19:58:10'),(23,16,'Website Connection Successful','positive','website_connection_successful','Congratulations! Your website openclinic.pl has been successfully connected. You\'re all set to start using our features.',0,'2025-01-06 19:58:10','2025-01-06 19:58:10');

--
-- Table structure for table `open_cookies`
--

CREATE TABLE `open_cookies` (
  `id` bigint unsigned NOT NULL AUTO_INCREMENT,
  `cookie_id` varchar(255) CHARACTER SET utf8mb4 COLLATE utf8mb4_unicode_ci DEFAULT NULL,
  `platform` varchar(255) CHARACTER SET utf8mb4 COLLATE utf8mb4_unicode_ci NOT NULL,
  `category` varchar(255) CHARACTER SET utf8mb4 COLLATE utf8mb4_unicode_ci DEFAULT NULL,
  `key_name` varchar(255) CHARACTER SET utf8mb4 COLLATE utf8mb4_unicode_ci NOT NULL,
  `domain` varchar(255) CHARACTER SET utf8mb4 COLLATE utf8mb4_unicode_ci DEFAULT NULL,
  `description` text CHARACTER SET utf8mb4 COLLATE utf8mb4_unicode_ci,
  `period` varchar(255) CHARACTER SET utf8mb4 COLLATE utf8mb4_unicode_ci DEFAULT NULL,
  `data_controller` varchar(255) CHARACTER SET utf8mb4 COLLATE utf8mb4_unicode_ci DEFAULT NULL,
  `privacy_gdpr_link` varchar(255) CHARACTER SET utf8mb4 COLLATE utf8mb4_unicode_ci DEFAULT NULL,
  `wildcard_match` tinyint(1) NOT NULL DEFAULT '0',
  `created_at` timestamp NULL DEFAULT NULL,
  `updated_at` timestamp NULL DEFAULT NULL,
  PRIMARY KEY (`id`),
  KEY `open_cookies_cookie_id_index` (`cookie_id`),
  KEY `open_cookies_platform_index` (`platform`),
  KEY `open_cookies_category_index` (`category`),
  KEY `open_cookies_key_name_index` (`key_name`)
) ENGINE=InnoDB AUTO_INCREMENT=2200 DEFAULT CHARSET=utf8mb4 COLLATE=utf8mb4_unicode_ci;

--
-- Dumping data for table `open_cookies`
--



--
-- Table structure for table `page_blocks`
--

CREATE TABLE `page_blocks` (
  `id` bigint unsigned NOT NULL AUTO_INCREMENT,
  `page_id` bigint unsigned NOT NULL,
  `name` varchar(255) CHARACTER SET utf8mb4 COLLATE utf8mb4_unicode_ci DEFAULT NULL,
  `data` json DEFAULT NULL,
  `created_at` timestamp NULL DEFAULT NULL,
  `updated_at` timestamp NULL DEFAULT NULL,
  PRIMARY KEY (`id`),
  KEY `page_blocks_page_id_foreign` (`page_id`),
  CONSTRAINT `page_blocks_page_id_foreign` FOREIGN KEY (`page_id`) REFERENCES `pages` (`id`) ON DELETE CASCADE
) ENGINE=InnoDB AUTO_INCREMENT=15 DEFAULT CHARSET=utf8mb4 COLLATE=utf8mb4_unicode_ci;

--
-- Dumping data for table `page_blocks`
--

INSERT INTO `page_blocks` VALUES (1,1,'top','{\"text\": {\"type\": \"text\", \"value\": \"Use TradingSim to test strategies, boost confidence, and increase your profitability.\"}, \"title\": {\"type\": \"text\", \"value\": \"Practice day trading the market, without risking a single penny\"}, \"signup\": {\"type\": \"text\", \"value\": \"Sign Up\"}}','2024-09-16 04:58:26','2024-09-16 04:58:26'),(2,1,'features','{\"text\": {\"type\": \"text\", \"value\": \"Boost up your work with advance and flexible features\"}, \"items\": {\"type\": \"dynamic\", \"blocks\": [{\"text\": {\"type\": \"text\", \"value\": \"Load and simulate personal charts with different data\"}, \"image\": {\"type\": \"image\", \"value\": \"landing-features-meat.svg\"}, \"title\": {\"type\": \"text\", \"value\": \"Load Simulation\"}}, {\"text\": {\"type\": \"text\", \"value\": \"Set up different type of charts on your dashboard\"}, \"image\": {\"type\": \"image\", \"value\": \"landing-features-fish.svg\"}, \"title\": {\"type\": \"text\", \"value\": \"Charts\"}}, {\"text\": {\"type\": \"text\", \"value\": \"Personal market scanner to make your simulation\"}, \"image\": {\"type\": \"image\", \"value\": \"landing-features-donut.svg\"}, \"title\": {\"type\": \"text\", \"value\": \"Market Scanner\"}}, {\"text\": {\"type\": \"text\", \"value\": \"Best analytic tools for simulated charts\"}, \"image\": {\"type\": \"image\", \"value\": \"landing-features-orange.svg\"}, \"title\": {\"type\": \"text\", \"value\": \"Analytics\"}}]}, \"title\": {\"type\": \"text\", \"value\": \"Our Features\"}}','2024-09-16 04:58:26','2024-09-16 04:58:26'),(3,1,'about-us','{\"text\": {\"type\": \"text\", \"value\": \"Some information about our company\"}, \"title\": {\"type\": \"text\", \"value\": \"About Us\"}, \"block-1-text\": {\"type\": \"editor\", \"value\": \"<p>At Company we believe that traders are made not born. We feel that regardless of your background or financial situation you can achieve consistency in trading.</p>\\n                                    <p>We do not subscribe to the idea you can follow someone else\'s trades or alerts to profits. We think that trading is more than money and is the ultimate test of oneself.</p>\\n                                    <p>We are learning from our customers everyday and will not rest until everyone has a fair shot at building sustainable financial freedom.</p>\\n                                \"}, \"block-2-text\": {\"type\": \"editor\", \"value\": \"<p>At Company we believe that traders are made not born. We feel that regardless of your background or financial situation you can achieve consistency in trading.</p>\\n                                    <p>We do not subscribe to the idea you can follow someone else\'s trades or alerts to profits. We think that trading is more than money and is the ultimate test of oneself.</p>\\n                                    <p>We are learning from our customers everyday and will not rest until everyone has a fair shot at building sustainable financial freedom.</p>\\n                                \"}, \"block-1-image\": {\"type\": \"image\", \"value\": \"landing-about-us-block-1.png\"}, \"block-1-title\": {\"type\": \"text\", \"value\": \"What we believe\"}, \"block-2-image\": {\"type\": \"image\", \"value\": \"landing-about-us-block-2.png\"}, \"block-2-title\": {\"type\": \"text\", \"value\": \"We don\'t create charts, we create freedom\"}}','2024-09-16 04:58:26','2024-09-16 04:58:26'),(4,1,'header','{\"logo\": {\"type\": \"image\", \"value\": \"logo.svg\"}, \"login\": {\"type\": \"text\", \"value\": \"Log in\"}, \"logout\": {\"type\": \"text\", \"value\": \"Logout\"}, \"account\": {\"type\": \"text\", \"value\": \"Account\"}}','2024-09-16 04:58:26','2024-09-16 04:58:26'),(5,1,'footer','{\"logo\": {\"type\": \"image\", \"value\": \"logo.svg\"}, \"text\": {\"type\": \"text\", \"value\": \"Best trading simulation app, built for traders by traders.\"}, \"email\": {\"type\": \"text\", \"value\": \"support@mail.com\"}, \"menu-1\": {\"type\": \"text\", \"value\": \"Product\"}, \"menu-2\": {\"type\": \"text\", \"value\": \"Company\"}, \"menu-3\": {\"type\": \"text\", \"value\": \"Contact Us\"}, \"copyright\": {\"type\": \"text\", \"value\": \"© 2021 Company Ltd. All rights reserved.\"}}','2024-09-16 04:58:26','2024-09-16 04:58:26'),(6,2,'top','{\"text\": {\"type\": \"text\", \"value\": \"Here are some screenshots of our product and features\"}, \"title\": {\"type\": \"text\", \"value\": \"Pricing\"}}','2024-09-16 04:58:26','2024-09-16 04:58:26'),(7,2,'content','{\"subscribe\": {\"type\": \"text\", \"value\": \"Sign up\"}, \"subscribed\": {\"type\": \"text\", \"value\": \"Subscribed\"}}','2024-09-16 04:58:26','2024-09-16 04:58:26'),(8,3,'top','{\"text\": {\"type\": \"text\", \"value\": \"Leave a feedback\"}, \"title\": {\"type\": \"text\", \"value\": \"Contact us\"}}','2024-09-16 04:58:26','2024-09-16 04:58:26'),(9,3,'content','{\"send\": {\"type\": \"text\", \"value\": \"Send\"}, \"email\": {\"type\": \"text\", \"value\": \"Email Address\"}, \"title\": {\"type\": \"text\", \"value\": \"Title\"}, \"content\": {\"type\": \"text\", \"value\": \"Content\"}}','2024-09-16 04:58:26','2024-09-16 04:58:26'),(10,4,'top','{\"text\": {\"type\": \"text\", \"value\": \"Change your profile and account setting\"}, \"title\": {\"type\": \"text\", \"value\": \"Account\"}}','2024-09-16 04:58:26','2024-09-16 04:58:26'),(11,4,'sidebar','{\"logout\": {\"type\": \"text\", \"value\": \"Logout\"}, \"subscriptions\": {\"type\": \"text\", \"value\": \"Subscriptions\"}, \"account-details\": {\"type\": \"text\", \"value\": \"Account Details\"}, \"payment-methods\": {\"type\": \"text\", \"value\": \"Payment Methods\"}}','2024-09-16 04:58:26','2024-09-16 04:58:26'),(12,4,'account-details','{\"name\": {\"type\": \"text\", \"value\": \"Name\"}, \"save\": {\"type\": \"text\", \"value\": \"Save Changes\"}, \"email\": {\"type\": \"text\", \"value\": \"Email Address\"}, \"title\": {\"type\": \"text\", \"value\": \"Account Details\"}, \"avatar\": {\"type\": \"text\", \"value\": \"Avatar\"}, \"new-password\": {\"type\": \"text\", \"value\": \"New Password\"}, \"personal-info\": {\"type\": \"text\", \"value\": \"Personal Information\"}, \"password-change\": {\"type\": \"text\", \"value\": \"Password Change\"}, \"confirm-new-password\": {\"type\": \"text\", \"value\": \"Confirm New Password\"}}','2024-09-16 04:58:26','2024-09-16 04:58:26'),(13,4,'subscriptions','{\"end\": {\"type\": \"text\", \"value\": \"Finish Date:\"}, \"plan\": {\"type\": \"text\", \"value\": \"Your Subscription:\"}, \"empty\": {\"type\": \"text\", \"value\": \"No subscription found\"}, \"start\": {\"type\": \"text\", \"value\": \"Start Date:\"}, \"title\": {\"type\": \"text\", \"value\": \"Subscriptions\"}, \"active\": {\"type\": \"text\", \"value\": \"Active\"}, \"cancel\": {\"type\": \"text\", \"value\": \"Cancel Subscription\"}, \"canceled\": {\"type\": \"text\", \"value\": \"Canceled\"}, \"empty-button\": {\"type\": \"text\", \"value\": \"Sign Up for Plan\"}, \"active-canceled\": {\"type\": \"text\", \"value\": \"Active (canceled)\"}}','2024-09-16 04:58:26','2024-09-16 04:58:26'),(14,4,'payment-methods','{\"empty\": {\"type\": \"text\", \"value\": \"No saved method found\"}, \"title\": {\"type\": \"text\", \"value\": \"Payment Methods\"}, \"delete\": {\"type\": \"text\", \"value\": \"Delete\"}, \"actions\": {\"type\": \"text\", \"value\": \"Actions\"}, \"expires\": {\"type\": \"text\", \"value\": \"Expires\"}, \"methods\": {\"type\": \"text\", \"value\": \"Methods\"}, \"add-save\": {\"type\": \"text\", \"value\": \"Save Card\"}, \"card-ccv\": {\"type\": \"text\", \"value\": \"CVV Code\"}, \"add-title\": {\"type\": \"text\", \"value\": \"+ Add Payment Method\"}, \"add-button\": {\"type\": \"text\", \"value\": \"+ Add Payment Method\"}, \"add-cancel\": {\"type\": \"text\", \"value\": \"Cancel\"}, \"is-default\": {\"type\": \"text\", \"value\": \"Default\"}, \"card-number\": {\"type\": \"text\", \"value\": \"Card Number\"}, \"set-default\": {\"type\": \"text\", \"value\": \"Set as Default\"}, \"card-expiration\": {\"type\": \"text\", \"value\": \"Expiration Date\"}}','2024-09-16 04:58:26','2024-09-16 04:58:26');

--
-- Table structure for table `pages`
--

CREATE TABLE `pages` (
  `id` bigint unsigned NOT NULL AUTO_INCREMENT,
  `status` varchar(255) CHARACTER SET utf8mb4 COLLATE utf8mb4_unicode_ci NOT NULL DEFAULT 'draft',
  `title` varchar(255) CHARACTER SET utf8mb4 COLLATE utf8mb4_unicode_ci NOT NULL,
  `link` varchar(255) CHARACTER SET utf8mb4 COLLATE utf8mb4_unicode_ci NOT NULL,
  `content` longtext CHARACTER SET utf8mb4 COLLATE utf8mb4_unicode_ci,
  `meta_title` varchar(255) CHARACTER SET utf8mb4 COLLATE utf8mb4_unicode_ci DEFAULT NULL,
  `meta_description` varchar(255) CHARACTER SET utf8mb4 COLLATE utf8mb4_unicode_ci DEFAULT NULL,
  `created_at` timestamp NULL DEFAULT NULL,
  `updated_at` timestamp NULL DEFAULT NULL,
  PRIMARY KEY (`id`),
  UNIQUE KEY `pages_link_unique` (`link`)
) ENGINE=InnoDB AUTO_INCREMENT=9 DEFAULT CHARSET=utf8mb4 COLLATE=utf8mb4_unicode_ci;

--
-- Dumping data for table `pages`
--

INSERT INTO `pages` VALUES (1,'static','Landing','/',NULL,'Landing | Cookiesflow','Landing | Cookiesflow','2024-09-16 04:58:26','2024-09-16 04:58:26'),(2,'static','Subscription Plans','subscription-plans',NULL,'Subscription Plans | Cookiesflow','Subscription Plans | Cookiesflow','2024-09-16 04:58:26','2024-09-16 04:58:26'),(3,'static','Contact Us','contact-us',NULL,'Contact Us | Cookiesflow','Contact Us | Cookiesflow','2024-09-16 04:58:26','2024-09-16 04:58:26'),(4,'static','Profile','profile',NULL,'Profile | Cookiesflow','Profile | Cookiesflow','2024-09-16 04:58:26','2024-09-16 04:58:26'),(5,'published','Terms of Usage','terms','<h3>Lorem ipsum dolor</h3>\n                        <br>\n                        <p>\n                            Lorem ipsum dolor sit amet, consectetur adipiscing elit. Aenean malesuada dignissim quam, eu scelerisque quam rhoncus at. Proin bibendum porttitor elit ut posuere. Sed neque velit, fermentum vitae laoreet vitae, dapibus sit amet massa. Integer varius massa ac venenatis malesuada. Nunc vitae nisi metus. Nunc tincidunt sodales nibh lobortis rutrum. Proin cursus, ante id ornare mattis, ante nisl consectetur tortor, et faucibus massa dolor sed justo. Donec mollis viverra velit, quis eleifend nisi ultricies ac. Etiam in sollicitudin eros. Ut quis maximus dui, sit amet commodo orci. Fusce vel maximus nulla. Aliquam erat volutpat. In volutpat nibh vel est dapibus, in blandit mauris ornare.\n                        </p>\n                        <br>\n                        <h3>Phasellus cursus</h3>\n                        <br>\n                        <p>\n                            Phasellus cursus massa et tellus mattis fringilla. Phasellus finibus diam non ante placerat luctus. Quisque et tempor purus, at tincidunt dui. Class aptent taciti sociosqu ad litora torquent per conubia nostra, per inceptos himenaeos. Nunc ac neque et est efficitur malesuada. Pellentesque habitant morbi tristique senectus et netus et malesuada fames ac turpis egestas. Ut in mollis magna, ac iaculis nunc. Integer sit amet nibh eu magna feugiat faucibus.\n                        </p>\n                        <br>\n                        <h3>Integer vel dui</h3>\n                        <br>\n                        <p>\n                            Integer vel dui vitae ante lacinia sagittis. Mauris vitae ligula a quam egestas aliquet. Nulla congue, ipsum vitae mattis tristique, tellus metus imperdiet massa, non rutrum purus ante a diam. Mauris velit velit, vulputate vel magna nec, cursus dictum sem. Donec quis lorem posuere, tincidunt tortor pulvinar, commodo ipsum. Etiam id quam pharetra, tincidunt dui eu, tincidunt quam. Proin egestas arcu dui, non pharetra est tempor sed.\n                        </p>\n                    ','Terms of Usage | Cookiesflow','Terms of Usage | Cookiesflow','2024-09-16 04:58:26','2024-09-16 04:58:26'),(6,'published','Privacy Policy','privacy','<h3>Ut dapibus</h3>\n                        <br>\n                        <p>\n                            Ut dapibus, diam ut imperdiet cursus, urna dolor sodales urna, quis tincidunt dolor orci sed diam. Curabitur eu ex venenatis, tincidunt erat at, lobortis justo. Nullam molestie, leo nec ultricies sodales, leo orci mattis ligula, accumsan mollis massa tortor at lorem. Ut molestie sem mi, nec aliquet tortor accumsan ut. Fusce et arcu sit amet libero scelerisque feugiat a nec sapien. Pellentesque euismod turpis vel tortor convallis semper at non dui. Maecenas imperdiet ornare sem, et tempus metus luctus non. Donec leo arcu, imperdiet non volutpat ac, euismod quis ante.\n                        </p>\n                        <br>\n                        <h3>Curabitur ut</h3>\n                        <br>\n                        <p>\n                            Curabitur ut ipsum condimentum metus faucibus interdum vitae in leo. Quisque id ligula nunc. Phasellus dictum bibendum dignissim. Vestibulum mattis ullamcorper molestie. Vivamus sed nibh in diam tempus feugiat. Sed molestie quam vulputate, euismod quam sed, pellentesque risus. Aliquam eget sem nulla. Interdum et malesuada fames ac ante ipsum primis in faucibus. Nulla fringilla luctus fermentum. Sed leo ex, cursus varius metus blandit, laoreet ultrices sapien. Aliquam erat volutpat. Donec sit amet erat auctor augue tincidunt lacinia. Sed fringilla metus non purus sollicitudin, quis interdum elit sagittis. Curabitur porta dui nulla, commodo imperdiet urna feugiat ac.\n                        </p>\n                        <br>\n                        <h3>Sed nec interdum</h3>\n                        <br>\n                        <p>\n                            Sed nec interdum ante. Sed finibus tempor tincidunt. In tortor ligula, sodales eu posuere eget, bibendum eget justo. Praesent hendrerit sapien at nunc auctor iaculis. Sed lacinia porttitor tortor, ut sagittis mi scelerisque in. Curabitur varius nisi at aliquet luctus. Proin vehicula risus nec tincidunt posuere. Curabitur condimentum, risus sed ullamcorper dapibus, velit sapien tempor mi, et condimentum turpis lacus sed ligula. Pellentesque metus urna, venenatis sit amet elit quis, scelerisque tempor eros. In in pretium dolor. Sed consequat orci eu nisi placerat aliquam. Nunc et placerat orci. Maecenas cursus dictum commodo. Vestibulum aliquam ligula nec neque posuere viverra.\n                        </p>\n                    ','Privacy Policy | Cookiesflow','Privacy Policy | Cookiesflow','2024-09-16 04:58:26','2024-09-16 04:58:26'),(7,'published','How it Works','how-it-works','<h3>Curabitur id</h3>\n                        <br>\n                        <p>\n                            Curabitur id auctor massa. Nam ultricies elit in risus molestie, quis sagittis elit pharetra. Quisque at laoreet eros. Proin malesuada ut purus quis tempus. Nulla finibus, lectus at malesuada ultricies, metus arcu posuere augue, in vehicula neque sem non odio. Proin velit augue, sagittis sed diam in, elementum dictum ante.\n                        </p>\n                        <br>\n                        <h3>Aliquam id metus</h3>\n                        <br>\n                        <p>\n                            Aliquam id metus urna. Nullam accumsan tellus sed erat ultrices, ut elementum ex ultrices. Proin faucibus, metus in vestibulum rhoncus, lectus risus rutrum mauris, eu faucibus ipsum nisl ut tortor. Sed id lectus at dolor auctor bibendum sed in purus. Vestibulum bibendum elit vel iaculis mollis. Nullam luctus lacus vel commodo blandit.\n                        </p>\n                        <br>\n                        <h3>Proin varius</h3>\n                        <br>\n                        <p>\n                            Proin varius ultricies libero. Ut malesuada ac sapien eget commodo. Nunc maximus vitae mauris quis aliquam. Cras iaculis elit non mattis euismod. Curabitur consectetur orci ex. In hac habitasse platea dictumst. Donec aliquam ac mauris ut luctus.\n                        </p>\n                    ','How it Works | Cookiesflow','How it Works | Cookiesflow','2024-09-16 04:58:26','2024-09-16 04:58:26'),(8,'published','About Us','about-us','<h3>Donec finibus</h3>\n                        <br>\n                        <p>\n                            Donec finibus lectus nulla, vitae mattis lacus auctor ut. In varius enim eget lectus convallis, et maximus massa luctus. Quisque laoreet odio eget velit sagittis elementum. Vivamus luctus suscipit porttitor. Sed mollis, erat nec dapibus gravida, ante velit venenatis magna, ut sollicitudin massa eros non tellus. Fusce et mi sapien. Suspendisse pretium turpis non lacus volutpat aliquam.\n                        </p>\n                        <br>\n                        <h3>Maecenas euismod</h3>\n                        <br>\n                        <p>\n                            Maecenas euismod nisi iaculis sapien consequat facilisis. Cras iaculis eu velit id viverra. Quisque id augue at justo fringilla rutrum. Curabitur sit amet mauris nulla. Nunc ac hendrerit ipsum. Aenean dictum lacus augue, eget mollis risus interdum nec. Curabitur sed consequat dui. Pellentesque habitant morbi tristique senectus et netus et malesuada fames ac turpis egestas. Integer at dignissim velit. Sed a turpis ac nulla vehicula accumsan nec at velit. Duis auctor nunc a risus dignissim sollicitudin. Praesent et aliquet mi. Vestibulum rutrum tempor arcu a imperdiet. Sed et feugiat nibh, eget dictum velit. Nam consectetur luctus leo convallis dapibus. Etiam rhoncus ornare interdum.\n                        </p>\n                        <br>\n                        <h3>Mauris pretium</h3>\n                        <br>\n                        <p>\n                            Mauris pretium est nec eros ultricies, non porttitor mi finibus. Sed dictum est velit, commodo semper felis commodo sed. In libero ante, rhoncus at leo et, volutpat malesuada sapien. Integer efficitur orci dictum ipsum consequat, ut lacinia nulla faucibus. Donec purus nibh, cursus quis varius id, efficitur nec diam. Mauris vel lectus vel ante ultricies commodo id eu ligula. Nullam velit eros, mattis nec cursus eget, gravida id quam. Pellentesque urna neque, pharetra at nulla et, luctus ornare enim. Cras facilisis, magna id iaculis dapibus, velit diam semper leo, in consectetur sem nibh vitae massa.\n                        </p>\n                    ','About Us | Cookiesflow','About Us | Cookiesflow','2024-09-16 04:58:26','2024-09-16 04:58:26');

--
-- Table structure for table `password_resets`
--

CREATE TABLE `password_resets` (
  `email` varchar(255) CHARACTER SET utf8mb4 COLLATE utf8mb4_unicode_ci NOT NULL,
  `token` varchar(255) CHARACTER SET utf8mb4 COLLATE utf8mb4_unicode_ci NOT NULL,
  `created_at` timestamp NULL DEFAULT NULL,
  KEY `password_resets_email_index` (`email`)
) ENGINE=InnoDB DEFAULT CHARSET=utf8mb4 COLLATE=utf8mb4_unicode_ci;

--
-- Dumping data for table `password_resets`
--


--
-- Table structure for table `personal_access_tokens`
--

CREATE TABLE `personal_access_tokens` (
  `id` bigint unsigned NOT NULL AUTO_INCREMENT,
  `tokenable_type` varchar(255) CHARACTER SET utf8mb4 COLLATE utf8mb4_unicode_ci NOT NULL,
  `tokenable_id` bigint unsigned NOT NULL,
  `name` varchar(255) CHARACTER SET utf8mb4 COLLATE utf8mb4_unicode_ci NOT NULL,
  `token` varchar(64) CHARACTER SET utf8mb4 COLLATE utf8mb4_unicode_ci NOT NULL,
  `abilities` text CHARACTER SET utf8mb4 COLLATE utf8mb4_unicode_ci,
  `last_used_at` timestamp NULL DEFAULT NULL,
  `created_at` timestamp NULL DEFAULT NULL,
  `updated_at` timestamp NULL DEFAULT NULL,
  PRIMARY KEY (`id`),
  UNIQUE KEY `personal_access_tokens_token_unique` (`token`),
  KEY `personal_access_tokens_tokenable_type_tokenable_id_index` (`tokenable_type`,`tokenable_id`)
) ENGINE=InnoDB DEFAULT CHARSET=utf8mb4 COLLATE=utf8mb4_unicode_ci;

--
-- Dumping data for table `personal_access_tokens`
--


--
-- Table structure for table `policy_terms`
--

CREATE TABLE `policy_terms` (
  `id` bigint unsigned NOT NULL AUTO_INCREMENT,
  `user_id` bigint unsigned NOT NULL,
  `url_slug` varchar(255) CHARACTER SET utf8mb4 COLLATE utf8mb4_unicode_ci NOT NULL,
  `data` json DEFAULT NULL,
  `created_at` timestamp NULL DEFAULT NULL,
  `updated_at` timestamp NULL DEFAULT NULL,
  PRIMARY KEY (`id`),
  KEY `policy_terms_user_id_foreign` (`user_id`),
  CONSTRAINT `policy_terms_user_id_foreign` FOREIGN KEY (`user_id`) REFERENCES `users` (`id`) ON DELETE CASCADE
) ENGINE=InnoDB AUTO_INCREMENT=12 DEFAULT CHARSET=utf8mb4 COLLATE=utf8mb4_unicode_ci;

--
-- Dumping data for table `policy_terms`
--

INSERT INTO `policy_terms` VALUES (4,12,'flowrolls-sp-z-oo-flowebpl-12','{\"appName\": \"Floweb.pl\", \"url_slug\": \"flowrolls-sp-z-oo-flowebpl-12\", \"data_usage\": \"The collected data is used for providing personalized experiences and improving app performance.\", \"companyName\": \"Flowrolls sp. z o.o.\", \"data_sharing\": \"User data is shared with third-party analytics services for better insights but never sold to advertisers.\", \"effectiveDate\": \"November 5, 2024\", \"data_collection\": \"We collect user data including names, email addresses, and usage patterns to improve our services.\"}','2024-11-05 05:48:06','2024-11-05 05:48:06'),(5,14,'coding-solution-tubetest-14','{\"appName\": \"tubetest\", \"url_slug\": \"coding-solution-tubetest-14\", \"data_usage\": \"The collected data is used for providing personalized experiences and improving app performance.\", \"companyName\": \"coding solution\", \"data_sharing\": \"User data is shared with third-party analytics services for better insights but never sold to advertisers.\", \"effectiveDate\": \"November 16, 2024\", \"data_collection\": \"We collect user data including names, email addresses, and usage patterns to improve our services.\"}','2024-11-16 19:32:17','2024-11-16 19:32:17'),(11,2,'test-tttttt-2','{\"appName\": \"tttttt\", \"url_slug\": \"test-tttttt-2\", \"data_usage\": \"The collected data is used for providing personalized experiences and improving app performance.\", \"companyName\": \"Test\", \"data_sharing\": \"User data is shared with third-party analytics services for better insights but never sold to advertisers.\", \"effectiveDate\": \"November 19, 2024\", \"data_collection\": \"We collect user data including names, email addresses, and usage patterns to improve our services.\"}','2024-11-19 13:16:13','2024-11-19 13:16:13');

--
-- Table structure for table `popup_template_translations`
--

CREATE TABLE `popup_template_translations` (
  `id` bigint unsigned NOT NULL AUTO_INCREMENT,
  `popup_template_id` bigint unsigned NOT NULL,
  `locale` varchar(9) CHARACTER SET utf8mb4 COLLATE utf8mb4_unicode_ci NOT NULL,
  `original` text CHARACTER SET utf8mb4 COLLATE utf8mb4_unicode_ci NOT NULL,
  `translation` text CHARACTER SET utf8mb4 COLLATE utf8mb4_unicode_ci,
  `created_at` timestamp NULL DEFAULT NULL,
  `updated_at` timestamp NULL DEFAULT NULL,
  PRIMARY KEY (`id`),
  UNIQUE KEY `popup_tpl_trans_unique` (`popup_template_id`,`original`(191),`locale`),
  KEY `popup_template_translations_locale_index` (`locale`),
  CONSTRAINT `popup_template_translations_popup_template_id_foreign` FOREIGN KEY (`popup_template_id`) REFERENCES `popup_templates` (`id`) ON DELETE CASCADE
) ENGINE=InnoDB AUTO_INCREMENT=91 DEFAULT CHARSET=utf8mb4 COLLATE=utf8mb4_unicode_ci;

--
-- Dumping data for table `popup_template_translations`
--

INSERT INTO `popup_template_translations` VALUES (1,2,'en','We care about your data, and we\'d love to\nuse cookies to make your experience better. ','We care about your data, and we\'d love \r\nto use cookies to make your experience better.','2024-11-15 13:43:59','2024-11-18 07:15:09'),(2,2,'en','Privacy Policy','Privacy Policy','2024-11-15 13:43:59','2024-11-15 13:43:59'),(3,2,'en','Adjust','Adjust','2024-11-15 13:43:59','2024-11-15 13:43:59'),(4,2,'en','Reject','Reject','2024-11-15 13:43:59','2024-11-15 13:43:59'),(5,2,'en','Accept','Accept','2024-11-15 13:43:59','2024-11-15 13:43:59'),(6,2,'es','Accept','Aceptar','2024-11-15 13:45:08','2024-11-15 13:45:08'),(7,2,'es','Adjust','Ajustar','2024-11-15 13:45:08','2024-11-18 07:13:48'),(8,2,'es','Privacy Policy','Política de privacidad','2024-11-15 13:45:08','2024-11-18 07:15:09'),(9,2,'es','Reject','Rechazar','2024-11-15 13:45:08','2024-11-18 07:13:48'),(10,2,'es','We care about your data, and we\'d love to\nuse cookies to make your experience better. ','Nos preocupamos por tus datos y nos encantaría\r\nutilizar cookies para mejorar tu experiencia.','2024-11-15 13:45:08','2024-11-18 07:15:09'),(11,4,'en','By browsing this website,','By browsing this website,','2024-11-16 12:12:23','2024-11-16 12:12:23'),(12,4,'en','cookie policy','política de cookies','2024-11-16 12:12:23','2024-11-18 08:27:09'),(13,4,'en','Adjust','Adjust','2024-11-16 12:12:23','2024-11-16 12:12:23'),(14,4,'en','Reject','Reject','2024-11-16 12:12:23','2024-11-16 12:12:23'),(15,4,'en','Accept','Accept','2024-11-16 12:12:23','2024-11-16 12:12:23'),(16,5,'en','By using this website, you agree to our use of cookies to help\n                it run effectively and provide you a zen experience.\n                Don’t worry, we’ll burn off cookies at your next class!','By using this website, you agree to our use of cookies to help\r\n                it run effectively and provide you a zen experience.\r\n                Don’t worry, we’ll burn off cookies at your next class!','2024-11-16 19:00:37','2024-11-18 07:12:20'),(17,5,'en','Adjust','Adjust','2024-11-16 19:00:37','2024-11-16 19:00:37'),(18,5,'en','Reject','Reject','2024-11-16 19:00:37','2024-11-16 19:00:37'),(19,1,'en','Cookies','Cookies','2024-11-16 19:24:22','2024-11-16 19:24:22'),(20,1,'en','We use cookies to ensure that we\n                give you the best experience on our website.','We use cookies to ensure that we\r\ngive you the best experience on our website.','2024-11-16 19:24:22','2024-11-18 07:25:52'),(21,1,'en','Adjust','Adjust','2024-11-16 19:24:22','2024-11-16 19:24:22'),(22,1,'en','Reject','Reject','2024-11-16 19:24:22','2024-11-16 19:24:22'),(23,1,'en','Accept','Accept','2024-11-16 19:24:22','2024-11-16 19:24:22'),(24,3,'en','By clicking “Accept”, you agree to the storing of cookies on your device\n                to enhance site navigation, analyze site usage.','By clicking “Accept”, you agree to the storing of cookies on your device\r\n                to enhance site navigation, analyze site usage.','2024-11-16 20:45:14','2024-11-18 08:26:12'),(25,3,'en','Privacy Policy','Privacy Policy','2024-11-16 20:45:14','2024-11-16 20:45:14'),(26,3,'en','for more information.','for more information.','2024-11-16 20:45:14','2024-11-16 20:45:14'),(27,3,'en','Adjust','Adjust','2024-11-16 20:45:14','2024-11-16 20:45:14'),(28,3,'en','Reject','Reject','2024-11-16 20:45:14','2024-11-16 20:45:14'),(29,3,'en','Accept','Accept','2024-11-16 20:45:14','2024-11-16 20:45:14'),(30,6,'en','We use cookies to personalize content and ads, and analyze our\n                traffic. We also share information about your use of the website\n                with our social media, advertising, and analytics partners.\n                You can learn more about the cookies we use from our','We use cookies to personalize content and ads, and analyze our\r\ntraffic. We also share information about your use of the website\r\nwith our social media, advertising, and analytics partners.\r\nYou can learn more about the cookies we use from our','2024-11-18 07:10:22','2024-11-18 08:59:59'),(31,6,'en','Privacy Notice','Privacy Notice','2024-11-18 07:10:22','2024-11-18 07:10:22'),(32,6,'en','Adjust','Adjust','2024-11-18 07:10:22','2024-11-18 07:10:22'),(33,6,'en','Reject','Reject','2024-11-18 07:10:22','2024-11-18 07:10:22'),(34,6,'en','Accept','Accept','2024-11-18 07:10:22','2024-11-18 07:10:22'),(35,5,'en','Accept','Accept','2024-11-18 07:11:26','2024-11-18 07:11:26'),(36,5,'es','Accept','Aceptar','2024-11-18 07:12:20','2024-11-18 08:27:59'),(37,5,'es','Adjust','Ajustar','2024-11-18 07:12:20','2024-11-18 08:27:59'),(38,5,'es','By using this website, you agree to our use of cookies to help\n                it run effectively and provide you a zen experience.\n                Don’t worry, we’ll burn off cookies at your next class!','Al utilizar este sitio web, aceptas el uso de cookies para ayudar\r\na que funcione de manera eficaz y te brinde una experiencia zen.\r\n¡No te preocupes, quemaremos las cookies en tu próxima clase!','2024-11-18 07:12:20','2024-11-18 07:12:20'),(39,5,'es','Reject','Rechazar','2024-11-18 07:12:20','2024-11-18 08:27:59'),(40,1,'es','Accept','Aceptar','2024-11-18 07:25:52','2024-11-18 07:25:52'),(41,1,'es','Adjust','Ajustar','2024-11-18 07:25:52','2024-11-18 07:25:52'),(42,1,'es','Cookies',NULL,'2024-11-18 07:25:52','2024-11-18 07:25:52'),(43,1,'es','Reject','Rechazar','2024-11-18 07:25:52','2024-11-18 07:25:52'),(44,1,'es','We use cookies to ensure that we\n                give you the best experience on our website.','Utilizamos cookies para garantizar que\r\nle brindamos la mejor experiencia en nuestro sitio web.','2024-11-18 07:25:52','2024-11-18 07:25:52'),(45,3,'es','Accept','Aceptar','2024-11-18 08:26:12','2024-11-18 08:26:12'),(46,3,'es','Adjust','Ajustar','2024-11-18 08:26:12','2024-11-18 08:26:12'),(47,3,'es','By clicking “Accept”, you agree to the storing of cookies on your device\n                to enhance site navigation, analyze site usage.','Al hacer clic en “Aceptar”, acepta el almacenamiento de cookies en su dispositivo\r\npara mejorar la navegación del sitio y analizar el uso del mismo.','2024-11-18 08:26:12','2024-11-18 08:26:12'),(48,3,'es','for more information.','para más información.','2024-11-18 08:26:12','2024-11-18 08:26:12'),(49,3,'es','Privacy Policy','Política de privacidad','2024-11-18 08:26:12','2024-11-18 08:26:12'),(50,3,'es','Reject','Rechazar','2024-11-18 08:26:12','2024-11-18 08:26:12'),(51,4,'es','Accept','Aceptar','2024-11-18 08:27:09','2024-11-18 08:27:09'),(52,4,'es','Adjust','Ajustar','2024-11-18 08:27:09','2024-11-18 08:27:09'),(53,4,'es','By browsing this website,','Al navegar por este sitio web,','2024-11-18 08:27:09','2024-11-18 08:27:09'),(54,4,'es','cookie policy',NULL,'2024-11-18 08:27:09','2024-11-18 08:27:09'),(55,4,'es','Reject','Rechazar','2024-11-18 08:27:09','2024-11-18 08:27:09'),(56,6,'es','Accept','Aceptar','2024-11-18 08:29:06','2024-11-18 08:29:06'),(57,6,'es','Adjust','Ajustar','2024-11-18 08:29:06','2024-11-18 08:29:06'),(58,6,'es','Privacy Notice','Aviso de privacidad','2024-11-18 08:29:06','2024-11-18 08:29:06'),(59,6,'es','Reject','Rechazar','2024-11-18 08:29:06','2024-11-18 08:29:06'),(60,6,'es','We use cookies to personalize content and ads, and analyze our\n                traffic. We also share information about your use of the website\n                with our social media, advertising, and analytics partners.\n                You can learn more about the cookies we use from our','Utilizamos cookies para personalizar el contenido y los anuncios, y analizar nuestro\r\ntráfico. También compartimos información sobre su uso del sitio web\r\ncon nuestros socios de redes sociales, publicidad y análisis.\r\nPuede obtener más información sobre las cookies que utilizamos en nuestra','2024-11-18 08:29:06','2024-11-18 08:29:06'),(61,2,'pl','We care about your data, and we\'d love to\nuse cookies to make your experience better. ','Dbamy o Twoje dane i chcielibyśmy\nużywaj plików cookie, aby poprawić swoje wrażenia. ','2024-11-18 10:06:37','2024-11-18 10:06:37'),(62,2,'pl','Privacy Policy','Polityka prywatności','2024-11-18 10:06:37','2024-11-18 10:06:37'),(63,2,'pl','Adjust','Dostosuj','2024-11-18 10:06:38','2024-11-18 10:06:38'),(64,2,'pl','Reject','Odrzuć','2024-11-18 10:06:38','2024-11-18 10:06:38'),(65,2,'pl','Accept','Zaakceptuj','2024-11-18 10:06:38','2024-11-18 10:06:38'),(66,4,'pl','By browsing this website,','Przeglądając tę stronę,','2024-11-18 10:06:39','2024-11-18 10:06:39'),(67,4,'pl','cookie policy','Polityka plików cookie','2024-11-18 10:06:39','2024-11-18 10:06:39'),(68,5,'pl','By using this website, you agree to our use of cookies to help\n                it run effectively and provide you a zen experience.\n                Don’t worry, we’ll burn off cookies at your next class!','Korzystając z tej witryny, zgadzasz się na używanie przez nas plików cookie w celu pomocy\n działa skutecznie i zapewnia wrażenia zen.\n Nie martw się, spalimy ciasteczka na następnych zajęciach!','2024-11-18 10:06:39','2024-11-18 10:06:39'),(69,1,'pl','Cookies','Pliki cookie','2024-11-18 10:06:40','2024-11-18 10:06:40'),(70,1,'pl','We use cookies to ensure that we\n                give you the best experience on our website.','Używamy plików cookie, aby upewnić się, że\n zapewnić najlepsze wrażenia na naszej stronie internetowej.','2024-11-18 10:06:40','2024-11-18 10:06:40'),(71,3,'pl','By clicking “Accept”, you agree to the storing of cookies on your device\n                to enhance site navigation, analyze site usage.','Klikając „Akceptuję”, wyrażasz zgodę na przechowywanie plików cookie na swoim urządzeniu\n aby poprawić nawigację w witrynie, przeanalizuj wykorzystanie witryny.','2024-11-18 10:06:40','2024-11-18 10:06:40'),(72,3,'pl','for more information.','więcej informacji.','2024-11-18 10:06:41','2024-11-18 10:06:41'),(73,6,'pl','We use cookies to personalize content and ads, and analyze our\n                traffic. We also share information about your use of the website\n                with our social media, advertising, and analytics partners.\n                You can learn more about the cookies we use from our','Używamy plików cookie do personalizacji treści i reklam oraz analizowania naszych\n ruch uliczny. Udostępniamy również informacje o korzystaniu ze strony internetowej\n z naszymi partnerami w mediach społecznościowych, reklamie i analityce.\n Możesz dowiedzieć się więcej o plikach cookie, których używamy, z naszej strony','2024-11-18 10:06:41','2024-11-18 10:06:41'),(74,6,'pl','Privacy Notice','Informacja o ochronie prywatności','2024-11-18 10:06:42','2024-11-18 10:06:42'),(75,4,'pl','Adjust','Dostosuj','2024-11-18 10:11:47','2024-11-18 10:11:47'),(76,4,'pl','Reject','Odrzuć','2024-11-18 10:11:47','2024-11-18 10:11:47'),(77,4,'pl','Accept','Zaakceptuj','2024-11-18 10:11:47','2024-11-18 10:11:47'),(78,5,'pl','Adjust','Dostosuj','2024-11-18 10:11:48','2024-11-18 10:11:48'),(79,5,'pl','Reject','Odrzuć','2024-11-18 10:11:48','2024-11-18 10:11:48'),(80,1,'pl','Adjust','Dostosuj','2024-11-18 10:11:48','2024-11-18 10:11:48'),(81,1,'pl','Reject','Odrzuć','2024-11-18 10:11:48','2024-11-18 10:11:48'),(82,1,'pl','Accept','Zaakceptuj','2024-11-18 10:11:49','2024-11-18 10:11:49'),(83,3,'pl','Privacy Policy','Polityka prywatności','2024-11-18 10:11:49','2024-11-18 10:11:49'),(84,3,'pl','Adjust','Dostosuj','2024-11-18 10:11:49','2024-11-18 10:11:49'),(85,3,'pl','Reject','Odrzuć','2024-11-18 10:11:50','2024-11-18 10:11:50'),(86,3,'pl','Accept','Zaakceptuj','2024-11-18 10:11:50','2024-11-18 10:11:50'),(87,6,'pl','Adjust','Dostosuj','2024-11-18 10:11:50','2024-11-18 10:11:50'),(88,6,'pl','Reject','Odrzuć','2024-11-18 10:11:51','2024-11-18 10:11:51'),(89,6,'pl','Accept','Zaakceptuj','2024-11-18 10:11:51','2024-11-18 10:11:51'),(90,5,'pl','Accept','Zaakceptuj','2024-11-18 10:11:51','2024-11-18 10:11:51');

--
-- Table structure for table `popup_template_user`
--

CREATE TABLE `popup_template_user` (
  `id` bigint unsigned NOT NULL AUTO_INCREMENT,
  `user_id` bigint unsigned NOT NULL,
  `popup_template_id` bigint unsigned NOT NULL,
  `params` json NOT NULL DEFAULT (json_array()),
  PRIMARY KEY (`id`),
  KEY `popup_template_user_user_id_foreign` (`user_id`),
  KEY `popup_template_user_popup_template_id_foreign` (`popup_template_id`),
  CONSTRAINT `popup_template_user_popup_template_id_foreign` FOREIGN KEY (`popup_template_id`) REFERENCES `popup_templates` (`id`) ON DELETE CASCADE,
  CONSTRAINT `popup_template_user_user_id_foreign` FOREIGN KEY (`user_id`) REFERENCES `users` (`id`) ON DELETE CASCADE
) ENGINE=InnoDB AUTO_INCREMENT=10 DEFAULT CHARSET=utf8mb4 COLLATE=utf8mb4_unicode_ci;

--
-- Dumping data for table `popup_template_user`
--

INSERT INTO `popup_template_user` VALUES (4,2,1,'{\"color_text\": \"#15295a\", \"description\": \"TestTTT\", \"color_accept\": \"#ffffff\", \"color_background\": \"#ff4747\", \"color_back_accept\": \"#4a7eff\", \"color_adjust_reject\": \"#4a7eff\", \"color_border_adjust_reject\": \"#4a7eff\"}'),(5,2,2,'{\"color_text\": \"#92adf2\", \"description\": null, \"color_accept\": \"#ffffff\", \"privacy_link\": \"/privacy\", \"color_privacy\": \"#39c651\", \"color_background\": \"#ffffff\", \"color_back_accept\": \"#6666ff\", \"color_adjust_reject\": \"#6666ff\", \"color_border_adjust_reject\": \"#6666ff\"}'),(6,2,6,'{\"color_text\": \"#a4a4a4\", \"color_title\": \"#ffffff\", \"description\": null, \"color_accept\": \"#141416\", \"privacy_link\": \"/privacy\", \"color_privacy\": \"#48d1cc\", \"color_background\": \"#cdcd1d\", \"color_back_accept\": \"#48d1cc\", \"color_adjust_reject\": \"#48d1cc\", \"color_border_adjust_reject\": \"#48d1cc\"}'),(7,2,3,'{\"color_text\": \"#ffffff\", \"description\": null, \"color_accept\": \"#ffffff\", \"privacy_link\": \"/privacy\", \"color_background\": \"#0b0b32\", \"color_back_accept\": \"#0067f4\", \"color_adjust_reject\": \"#ffffff\", \"color_border_adjust_reject\": \"#2f2f30\"}'),(8,12,3,'{\"color_text\": \"#ffffff\", \"description\": \"Bla bla\", \"color_accept\": \"#ffffff\", \"privacy_link\": \"/privacy\", \"color_background\": \"#2f2f30\", \"color_back_accept\": \"#2a3441\", \"color_adjust_reject\": \"#ffffff\", \"color_border_adjust_reject\": \"#2222e2\"}'),(9,12,4,'{\"color_text\": \"#2f2f30\", \"description\": null, \"color_accept\": \"#ffffff\", \"privacy_link\": \"/privacy\", \"color_background\": \"#ffffff\", \"color_back_accept\": \"#2f2f30\", \"color_adjust_reject\": \"#2f2f30\", \"color_border_adjust_reject\": \"#000000\"}');

--
-- Table structure for table `popup_templates`
--

CREATE TABLE `popup_templates` (
  `id` bigint unsigned NOT NULL AUTO_INCREMENT,
  `name` varchar(255) CHARACTER SET utf8mb4 COLLATE utf8mb4_unicode_ci NOT NULL,
  `type` varchar(255) CHARACTER SET utf8mb4 COLLATE utf8mb4_unicode_ci NOT NULL DEFAULT 'popup',
  `icon` varchar(255) CHARACTER SET utf8mb4 COLLATE utf8mb4_unicode_ci DEFAULT NULL,
  `template_file` varchar(255) CHARACTER SET utf8mb4 COLLATE utf8mb4_unicode_ci NOT NULL,
  `css_file` varchar(255) CHARACTER SET utf8mb4 COLLATE utf8mb4_unicode_ci DEFAULT NULL,
  `params` json NOT NULL,
  `created_at` timestamp NULL DEFAULT NULL,
  `updated_at` timestamp NULL DEFAULT NULL,
  PRIMARY KEY (`id`)
) ENGINE=InnoDB AUTO_INCREMENT=7 DEFAULT CHARSET=utf8mb4 COLLATE=utf8mb4_unicode_ci;

--
-- Dumping data for table `popup_templates`
--

INSERT INTO `popup_templates` VALUES (1,'Template 1','popup','template-1.svg','template-1.blade.php','template-1.css','[{\"name\": \"color_background\", \"type\": \"color\", \"block\": \"1\", \"label\": \"Background Color\", \"width\": \"small\", \"default\": \"#ffffff\", \"style_type\": \"background\"}, {\"name\": \"color_text\", \"type\": \"color\", \"block\": \"1\", \"label\": \"Text Color\", \"width\": \"small\", \"default\": \"#15295A\", \"style_type\": \"color\"}, {\"name\": \"color_adjust_reject\", \"type\": \"color\", \"block\": \"1\", \"label\": \"Color Adjust/Reject Button\", \"width\": \"small\", \"default\": \"#4A7EFF\", \"style_type\": \"color\"}, {\"name\": \"color_border_adjust_reject\", \"type\": \"color\", \"block\": \"1\", \"label\": \"Border Adjust/Reject Button\", \"width\": \"small\", \"default\": \"#4A7EFF\", \"style_type\": \"border_color\"}, {\"name\": \"color_accept\", \"type\": \"color\", \"block\": \"1\", \"label\": \"Color Accept Button\", \"width\": \"small\", \"default\": \"#ffffff\", \"style_type\": \"color\"}, {\"name\": \"color_back_accept\", \"type\": \"color\", \"block\": \"1\", \"label\": \"Background Accept Button\", \"width\": \"small\", \"default\": \"#4A7EFF\", \"style_type\": \"background\"}]','2024-09-18 14:39:30','2024-09-18 14:39:30'),(2,'Template 2','popup','template-2.svg','template-2.blade.php','template-2.css','[{\"name\": \"color_background\", \"type\": \"color\", \"block\": \"1\", \"label\": \"Background Color\", \"width\": \"small\", \"default\": \"#ffffff\", \"style_type\": \"background\"}, {\"name\": \"color_text\", \"type\": \"color\", \"block\": \"1\", \"label\": \"Text Color\", \"width\": \"small\", \"default\": \"#15295A\", \"style_type\": \"color\"}, {\"name\": \"color_adjust_reject\", \"type\": \"color\", \"block\": \"1\", \"label\": \"Color Adjust/Reject Button\", \"width\": \"small\", \"default\": \"#6666FF\", \"style_type\": \"color\"}, {\"name\": \"color_border_adjust_reject\", \"type\": \"color\", \"block\": \"1\", \"label\": \"Border Adjust/Reject Button\", \"width\": \"small\", \"default\": \"#6666FF\", \"style_type\": \"border_color\"}, {\"name\": \"color_accept\", \"type\": \"color\", \"block\": \"1\", \"label\": \"Color Accept Button\", \"width\": \"small\", \"default\": \"#ffffff\", \"style_type\": \"color\"}, {\"name\": \"color_back_accept\", \"type\": \"color\", \"block\": \"1\", \"label\": \"Background Accept Button\", \"width\": \"small\", \"default\": \"#6666FF\", \"style_type\": \"background\"}, {\"name\": \"color_privacy\", \"type\": \"color\", \"block\": \"1\", \"label\": \"Privacy Color\", \"width\": \"small\", \"default\": \"#6666FF\", \"style_type\": \"color\"}, {\"name\": \"privacy_link\", \"type\": \"text\", \"block\": \"2\", \"label\": \"Privacy Link\", \"width\": \"full\", \"default\": \"/privacy\", \"style_type\": \"link\"}]','2024-09-18 14:42:33','2024-09-18 14:42:33'),(3,'Template 3','popup','template-3.svg','template-3.blade.php','template-3.css','[{\"name\": \"color_background\", \"type\": \"color\", \"block\": \"1\", \"label\": \"Background Color\", \"width\": \"small\", \"default\": \"#2F2F30\", \"style_type\": \"background\"}, {\"name\": \"color_text\", \"type\": \"color\", \"block\": \"1\", \"label\": \"Text Color\", \"width\": \"small\", \"default\": \"#ffffff\", \"style_type\": \"color\"}, {\"name\": \"color_adjust_reject\", \"type\": \"color\", \"block\": \"1\", \"label\": \"Color Adjust/Reject Button\", \"width\": \"small\", \"default\": \"#ffffff\", \"style_type\": \"color\"}, {\"name\": \"color_border_adjust_reject\", \"type\": \"color\", \"block\": \"1\", \"label\": \"Border Adjust/Reject Button\", \"width\": \"small\", \"default\": \"#2F2F30\", \"style_type\": \"border_color\"}, {\"name\": \"color_accept\", \"type\": \"color\", \"block\": \"1\", \"label\": \"Color Accept Button\", \"width\": \"small\", \"default\": \"#ffffff\", \"style_type\": \"color\"}, {\"name\": \"color_back_accept\", \"type\": \"color\", \"block\": \"1\", \"label\": \"Background Accept Button\", \"width\": \"small\", \"default\": \"#0067F4\", \"style_type\": \"background\"}, {\"name\": \"privacy_link\", \"type\": \"text\", \"block\": \"2\", \"label\": \"Privacy Link\", \"width\": \"full\", \"default\": \"/privacy\", \"style_type\": \"link\"}]','2024-09-18 14:44:01','2024-09-18 14:44:01'),(4,'Template 4','popup','template-4.svg','template-4.blade.php','template-4.css','[{\"name\": \"color_background\", \"type\": \"color\", \"block\": \"1\", \"label\": \"Background Color\", \"width\": \"small\", \"default\": \"#ffffff\", \"style_type\": \"background\"}, {\"name\": \"color_text\", \"type\": \"color\", \"block\": \"1\", \"label\": \"Text Color\", \"width\": \"small\", \"default\": \"#2F2F30\", \"style_type\": \"color\"}, {\"name\": \"color_adjust_reject\", \"type\": \"color\", \"block\": \"1\", \"label\": \"Color Adjust/Reject Button\", \"width\": \"small\", \"default\": \"#2F2F30\", \"style_type\": \"color\"}, {\"name\": \"color_border_adjust_reject\", \"type\": \"color\", \"block\": \"1\", \"label\": \"Border Adjust/Reject Button\", \"width\": \"small\", \"default\": \"#2F2F3029\", \"style_type\": \"border_color\"}, {\"name\": \"color_accept\", \"type\": \"color\", \"block\": \"1\", \"label\": \"Color Accept Button\", \"width\": \"small\", \"default\": \"#ffffff\", \"style_type\": \"color\"}, {\"name\": \"color_back_accept\", \"type\": \"color\", \"block\": \"1\", \"label\": \"Background Accept Button\", \"width\": \"small\", \"default\": \"#2F2F30\", \"style_type\": \"border_color\"}, {\"name\": \"privacy_link\", \"type\": \"text\", \"block\": \"2\", \"label\": \"Privacy Link\", \"width\": \"full\", \"default\": \"/privacy\", \"style_type\": \"link\"}]','2024-09-18 14:45:45','2024-09-18 14:45:45'),(5,'Template 5','popup','template-5.jpg','template-5.blade.php','template-5.css','[{\"name\": \"color_background\", \"type\": \"color\", \"block\": \"1\", \"label\": \"Background Color\", \"width\": \"small\", \"default\": \"#EEEEEE\", \"style_type\": \"background\"}, {\"name\": \"color_text\", \"type\": \"color\", \"block\": \"1\", \"label\": \"Text Color\", \"width\": \"small\", \"default\": \"#111111\", \"style_type\": \"color\"}, {\"name\": \"color_adjust_reject\", \"type\": \"color\", \"block\": \"1\", \"label\": \"Color Adjust/Reject Button\", \"width\": \"small\", \"default\": \"#111111\", \"style_type\": \"color\"}, {\"name\": \"color_border_adjust_reject\", \"type\": \"color\", \"block\": \"1\", \"label\": \"Border Adjust/Reject Button\", \"width\": \"small\", \"default\": \"#BBBBBB\", \"style_type\": \"border_color\"}, {\"name\": \"color_accept\", \"type\": \"color\", \"block\": \"1\", \"label\": \"Color Accept Button\", \"width\": \"small\", \"default\": \"#111111\", \"style_type\": \"color\"}, {\"name\": \"color_border_accept\", \"type\": \"color\", \"block\": \"1\", \"label\": \"Border Accept Button\", \"width\": \"small\", \"default\": \"#BBBBBB\", \"style_type\": \"border_color\"}]','2024-09-18 14:48:24','2024-09-18 14:48:24'),(6,'Template 6','popup','template-6.svg','template-6.blade.php','template-6.css','[{\"name\": \"color_background\", \"type\": \"color\", \"block\": \"1\", \"label\": \"Background Color\", \"width\": \"small\", \"default\": \"#141416\", \"style_type\": \"background\"}, {\"name\": \"color_title\", \"type\": \"color\", \"block\": \"1\", \"label\": \"Title Color\", \"width\": \"small\", \"default\": \"#FFFFFF\", \"style_type\": \"color\"}, {\"name\": \"color_text\", \"type\": \"color\", \"block\": \"1\", \"label\": \"Text Color\", \"width\": \"small\", \"default\": \"#A4A4A4\", \"style_type\": \"color\"}, {\"name\": \"color_adjust_reject\", \"type\": \"color\", \"block\": \"1\", \"label\": \"Color Adjust/Reject Button\", \"width\": \"small\", \"default\": \"#48D1CC\", \"style_type\": \"color\"}, {\"name\": \"color_border_adjust_reject\", \"type\": \"color\", \"block\": \"1\", \"label\": \"Border Adjust/Reject Button\", \"width\": \"small\", \"default\": \"#48D1CC\", \"style_type\": \"border_color\"}, {\"name\": \"color_accept\", \"type\": \"color\", \"block\": \"1\", \"label\": \"Color Accept Button\", \"width\": \"small\", \"default\": \"#141416\", \"style_type\": \"color\"}, {\"name\": \"color_back_accept\", \"type\": \"color\", \"block\": \"1\", \"label\": \"Background Accept Button\", \"width\": \"small\", \"default\": \"#48D1CC\", \"style_type\": \"background\"}, {\"name\": \"color_privacy\", \"type\": \"color\", \"block\": \"1\", \"label\": \"Privacy Color\", \"width\": \"small\", \"default\": \"#48D1CC\", \"style_type\": \"color\"}, {\"name\": \"privacy_link\", \"type\": \"text\", \"block\": \"2\", \"label\": \"Privacy Link\", \"width\": \"full\", \"default\": \"/privacy\", \"style_type\": \"link\"}]','2024-09-18 14:49:18','2024-09-18 14:49:18');

--
-- Table structure for table `role_user`
--

CREATE TABLE `role_user` (
  `id` bigint unsigned NOT NULL AUTO_INCREMENT,
  `user_id` bigint unsigned NOT NULL,
  `role_id` bigint unsigned NOT NULL,
  `created_at` timestamp NULL DEFAULT NULL,
  `updated_at` timestamp NULL DEFAULT NULL,
  PRIMARY KEY (`id`),
  KEY `role_user_user_id_foreign` (`user_id`),
  KEY `role_user_role_id_foreign` (`role_id`),
  CONSTRAINT `role_user_role_id_foreign` FOREIGN KEY (`role_id`) REFERENCES `roles` (`id`) ON DELETE CASCADE,
  CONSTRAINT `role_user_user_id_foreign` FOREIGN KEY (`user_id`) REFERENCES `users` (`id`) ON DELETE CASCADE
) ENGINE=InnoDB AUTO_INCREMENT=6 DEFAULT CHARSET=utf8mb4 COLLATE=utf8mb4_unicode_ci;

--
-- Dumping data for table `role_user`
--

INSERT INTO `role_user` VALUES (1,1,1,NULL,NULL),(2,2,2,NULL,NULL),(3,3,2,NULL,NULL),(4,10,2,NULL,NULL),(5,11,2,NULL,NULL);

--
-- Table structure for table `roles`
--

CREATE TABLE `roles` (
  `id` bigint unsigned NOT NULL AUTO_INCREMENT,
  `name` varchar(255) CHARACTER SET utf8mb4 COLLATE utf8mb4_unicode_ci NOT NULL,
  `created_at` timestamp NULL DEFAULT NULL,
  `updated_at` timestamp NULL DEFAULT NULL,
  PRIMARY KEY (`id`),
  UNIQUE KEY `roles_name_unique` (`name`)
) ENGINE=InnoDB AUTO_INCREMENT=3 DEFAULT CHARSET=utf8mb4 COLLATE=utf8mb4_unicode_ci;

--
-- Dumping data for table `roles`
--

INSERT INTO `roles` VALUES (1,'admin','2024-09-16 04:58:26','2024-09-16 04:58:26'),(2,'user','2024-09-16 04:58:26','2024-09-16 04:58:26');

--
-- Table structure for table `settings`
--

CREATE TABLE `settings` (
  `id` bigint unsigned NOT NULL AUTO_INCREMENT,
  `key` varchar(255) CHARACTER SET utf8mb4 COLLATE utf8mb4_unicode_ci NOT NULL,
  `data` json NOT NULL,
  `created_at` timestamp NULL DEFAULT NULL,
  `updated_at` timestamp NULL DEFAULT NULL,
  PRIMARY KEY (`id`)
) ENGINE=InnoDB AUTO_INCREMENT=11 DEFAULT CHARSET=utf8mb4 COLLATE=utf8mb4_unicode_ci;

--
-- Dumping data for table `settings`
--

INSERT INTO `settings` VALUES (1,'stripe_secret_key','{\"value\": \"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\"}','2024-09-16 04:58:26','2024-12-05 09:34:31'),(2,'currency','{\"value\": \"pln\"}','2024-09-16 04:58:26','2024-09-24 04:12:57'),(3,'currency_sign','{\"value\": \"zł\"}','2024-09-16 04:58:26','2024-09-24 04:12:57'),(4,'email_feedback','{\"value\": \"1\"}','2024-09-16 04:58:26','2024-09-16 04:58:26'),(5,'email_feedback_to','{\"value\": \"info@cookiesflow.com\"}','2024-09-16 04:58:26','2024-12-05 14:58:57'),(6,'google_client_id','{\"value\": \"\"}','2024-09-16 04:58:27','2024-09-16 04:58:27'),(7,'google_client_secret','{\"value\": \"\"}','2024-09-16 04:58:27','2024-09-16 04:58:27'),(8,'google_redirect','{\"value\": \"http://localhost/auth/callback/google\"}','2024-09-16 04:58:27','2024-09-16 04:58:27'),(9,'stripe_product','{\"value\": \"\"}','2024-09-16 07:08:48','2024-09-16 07:08:48'),(10,'stripe_public_key','{\"value\": \"pk_live_51MsqHFGRi0DfVXljAB2o6zevcNo8bLiE6saE43JHxEgve0zIQqLCmiMNyP6O5RWnJhPUayjxblcIOTKcq6CwKIpb00zxukQuqQ\"}','2024-09-23 11:56:16','2024-12-05 09:34:31');

--
-- Table structure for table `social_users`
--

CREATE TABLE `social_users` (
  `id` bigint unsigned NOT NULL AUTO_INCREMENT,
  `user_id` bigint unsigned NOT NULL,
  `provider` varchar(255) CHARACTER SET utf8mb4 COLLATE utf8mb4_unicode_ci NOT NULL,
  `token` varchar(255) CHARACTER SET utf8mb4 COLLATE utf8mb4_unicode_ci NOT NULL,
  `created_at` timestamp NULL DEFAULT NULL,
  `updated_at` timestamp NULL DEFAULT NULL,
  PRIMARY KEY (`id`),
  KEY `social_users_user_id_foreign` (`user_id`),
  CONSTRAINT `social_users_user_id_foreign` FOREIGN KEY (`user_id`) REFERENCES `users` (`id`) ON DELETE CASCADE
) ENGINE=InnoDB DEFAULT CHARSET=utf8mb4 COLLATE=utf8mb4_unicode_ci;

--
-- Dumping data for table `social_users`
--


--
-- Table structure for table `subscription_cycles`
--

CREATE TABLE `subscription_cycles` (
  `id` bigint unsigned NOT NULL AUTO_INCREMENT,
  `subscription_id` bigint unsigned NOT NULL,
  `is_active` tinyint(1) NOT NULL DEFAULT '1',
  `expire_at` datetime NOT NULL,
  `created_at` timestamp NULL DEFAULT NULL,
  `updated_at` timestamp NULL DEFAULT NULL,
  PRIMARY KEY (`id`),
  KEY `subscription_cycles_subscription_id_foreign` (`subscription_id`),
  CONSTRAINT `subscription_cycles_subscription_id_foreign` FOREIGN KEY (`subscription_id`) REFERENCES `subscriptions` (`id`) ON DELETE CASCADE
) ENGINE=InnoDB DEFAULT CHARSET=utf8mb4 COLLATE=utf8mb4_unicode_ci;

--
-- Dumping data for table `subscription_cycles`
--


--
-- Table structure for table `subscription_plans`
--

CREATE TABLE `subscription_plans` (
  `id` bigint unsigned NOT NULL AUTO_INCREMENT,
  `stripe_id` varchar(255) CHARACTER SET utf8mb4 COLLATE utf8mb4_unicode_ci DEFAULT NULL,
  `price` double(9,2) NOT NULL,
  `year_price` double(9,2) NOT NULL,
  `stripe_price_year` varchar(255) CHARACTER SET utf8mb4 COLLATE utf8mb4_unicode_ci DEFAULT NULL,
  `stripe_price_month` varchar(255) CHARACTER SET utf8mb4 COLLATE utf8mb4_unicode_ci DEFAULT NULL,
  `popular` int NOT NULL DEFAULT '0',
  `website_cnt` int NOT NULL DEFAULT '0',
  `page_views` int NOT NULL DEFAULT '0',
  `title` varchar(255) CHARACTER SET utf8mb4 COLLATE utf8mb4_unicode_ci NOT NULL,
  `description` text CHARACTER SET utf8mb4 COLLATE utf8mb4_unicode_ci,
  `interval` varchar(255) CHARACTER SET utf8mb4 COLLATE utf8mb4_unicode_ci NOT NULL,
  `trial` int NOT NULL,
  `created_at` timestamp NULL DEFAULT NULL,
  `updated_at` timestamp NULL DEFAULT NULL,
  PRIMARY KEY (`id`),
  UNIQUE KEY `subscription_plans_stripe_id_unique` (`stripe_id`)
) ENGINE=InnoDB AUTO_INCREMENT=14 DEFAULT CHARSET=utf8mb4 COLLATE=utf8mb4_unicode_ci;

--
-- Dumping data for table `subscription_plans`
--

INSERT INTO `subscription_plans` VALUES (7,NULL,0.00,0.00,NULL,NULL,0,1,1000,'Free','Perfect for trying out our service on your website.','month',0,'2024-09-24 05:59:15','2024-12-18 08:49:53'),(11,'prod_RLI8fyVdBJW42I',39.00,374.00,'price_1QSbY4GRi0DfVXljOauBRFiG','price_1QSbY5GRi0DfVXljGnDgmoQn',1,3,1000000,'Basic','Ideal for small websites with limited traffic.','month',0,'2024-09-25 03:59:47','2024-12-18 08:49:08'),(12,'prod_RLI8TmACzpiihw',99.00,950.00,'price_1QSbYDGRi0DfVXljXPZ0uUDJ','price_1QSbYDGRi0DfVXljQclY672o',0,10,0,'Premium','Best for growing websites needing advanced features.','month',0,'2024-09-25 04:03:40','2024-12-18 08:49:20'),(13,'prod_RLI8BNs4LgUlJV',1499.00,14390.00,'price_1QSbYMGRi0DfVXljBZAwlLHq','price_1QSbYMGRi0DfVXljR0W3qvUO',0,500,0,'Agency','Ultimate plan for agencies managing multiple clients.','month',0,'2024-09-25 04:04:09','2024-12-05 09:40:58');

--
-- Table structure for table `subscriptions`
--

CREATE TABLE `subscriptions` (
  `id` bigint unsigned NOT NULL AUTO_INCREMENT,
  `user_id` bigint unsigned NOT NULL,
  `subscription_plan_id` bigint unsigned NOT NULL,
  `stripe_id` varchar(255) CHARACTER SET utf8mb4 COLLATE utf8mb4_unicode_ci NOT NULL,
  `status` varchar(255) CHARACTER SET utf8mb4 COLLATE utf8mb4_unicode_ci NOT NULL,
  `current_period_end` int DEFAULT NULL,
  `cancel_at` int DEFAULT NULL,
  `price_type` varchar(255) CHARACTER SET utf8mb4 COLLATE utf8mb4_unicode_ci DEFAULT NULL,
  `stripe_response` json DEFAULT NULL,
  `last_checking_time` timestamp NULL DEFAULT NULL,
  `created_at` timestamp NULL DEFAULT NULL,
  `updated_at` timestamp NULL DEFAULT NULL,
  PRIMARY KEY (`id`),
  KEY `subscriptions_user_id_foreign` (`user_id`),
  KEY `subscriptions_subscription_plan_id_foreign` (`subscription_plan_id`),
  CONSTRAINT `subscriptions_subscription_plan_id_foreign` FOREIGN KEY (`subscription_plan_id`) REFERENCES `subscription_plans` (`id`) ON DELETE CASCADE,
  CONSTRAINT `subscriptions_user_id_foreign` FOREIGN KEY (`user_id`) REFERENCES `users` (`id`) ON DELETE CASCADE
) ENGINE=InnoDB AUTO_INCREMENT=48 DEFAULT CHARSET=utf8mb4 COLLATE=utf8mb4_unicode_ci;

--
-- Dumping data for table `subscriptions`
--

INSERT INTO `subscriptions` VALUES (22,12,7,'','canceled',1733377643,NULL,'month',NULL,NULL,'2024-11-05 05:47:23','2024-11-05 06:09:32'),(23,12,11,'sub_1QHfxIKbRsWOj4sgwaqhXiNF','canceled',1733378972,NULL,'month','{\"id\": \"sub_1QHfxIKbRsWOj4sgwaqhXiNF\", \"plan\": {\"id\": \"price_1Q2pCVKbRsWOj4sgSIrqizbu\", \"meter\": null, \"active\": true, \"amount\": 3900, \"object\": \"plan\", \"created\": 1727247591, \"product\": \"prod_QueVRmLrcJvsk2\", \"currency\": \"pln\", \"interval\": \"month\", \"livemode\": false, \"metadata\": [], \"nickname\": null, \"tiers_mode\": null, \"usage_type\": \"licensed\", \"amount_decimal\": \"3900\", \"billing_scheme\": \"per_unit\", \"interval_count\": 1, \"aggregate_usage\": null, \"transform_usage\": null, \"trial_period_days\": null}, \"items\": {\"url\": \"/v1/subscription_items?subscription=sub_1QHfxIKbRsWOj4sgwaqhXiNF\", \"data\": [{\"id\": \"si_R9zxNaw9jf96v3\", \"plan\": {\"id\": \"price_1Q2pCVKbRsWOj4sgSIrqizbu\", \"meter\": null, \"active\": true, \"amount\": 3900, \"object\": \"plan\", \"created\": 1727247591, \"product\": \"prod_QueVRmLrcJvsk2\", \"currency\": \"pln\", \"interval\": \"month\", \"livemode\": false, \"metadata\": [], \"nickname\": null, \"tiers_mode\": null, \"usage_type\": \"licensed\", \"amount_decimal\": \"3900\", \"billing_scheme\": \"per_unit\", \"interval_count\": 1, \"aggregate_usage\": null, \"transform_usage\": null, \"trial_period_days\": null}, \"price\": {\"id\": \"price_1Q2pCVKbRsWOj4sgSIrqizbu\", \"type\": \"recurring\", \"active\": true, \"object\": \"price\", \"created\": 1727247591, \"product\": \"prod_QueVRmLrcJvsk2\", \"currency\": \"pln\", \"livemode\": false, \"metadata\": [], \"nickname\": null, \"recurring\": {\"meter\": null, \"interval\": \"month\", \"usage_type\": \"licensed\", \"interval_count\": 1, \"aggregate_usage\": null, \"trial_period_days\": null}, \"lookup_key\": null, \"tiers_mode\": null, \"unit_amount\": 3900, \"tax_behavior\": \"unspecified\", \"billing_scheme\": \"per_unit\", \"custom_unit_amount\": null, \"transform_quantity\": null, \"unit_amount_decimal\": \"3900\"}, \"object\": \"subscription_item\", \"created\": 1730786973, \"metadata\": [], \"quantity\": 1, \"discounts\": [], \"tax_rates\": [], \"subscription\": \"sub_1QHfxIKbRsWOj4sgwaqhXiNF\", \"billing_thresholds\": null}], \"object\": \"list\", \"has_more\": false, \"total_count\": 1}, \"object\": \"subscription\", \"status\": \"active\", \"created\": 1730786972, \"currency\": \"pln\", \"customer\": \"cus_R9zvzL6Y1rbZxg\", \"discount\": null, \"ended_at\": null, \"livemode\": false, \"metadata\": [], \"quantity\": 1, \"schedule\": null, \"cancel_at\": null, \"discounts\": [], \"trial_end\": null, \"start_date\": 1730786972, \"test_clock\": null, \"application\": null, \"canceled_at\": null, \"description\": null, \"trial_start\": null, \"on_behalf_of\": null, \"automatic_tax\": {\"enabled\": false, \"liability\": null}, \"transfer_data\": null, \"days_until_due\": null, \"default_source\": null, \"latest_invoice\": \"in_1QHfxIKbRsWOj4sggRKPITmA\", \"pending_update\": null, \"trial_settings\": {\"end_behavior\": {\"missing_payment_method\": \"create_invoice\"}}, \"invoice_settings\": {\"issuer\": {\"type\": \"self\"}, \"account_tax_ids\": null}, \"pause_collection\": null, \"payment_settings\": {\"payment_method_types\": null, \"payment_method_options\": null, \"save_default_payment_method\": \"off\"}, \"collection_method\": \"charge_automatically\", \"default_tax_rates\": [], \"billing_thresholds\": null, \"current_period_end\": 1733378972, \"billing_cycle_anchor\": 1730786972, \"cancel_at_period_end\": false, \"cancellation_details\": {\"reason\": null, \"comment\": null, \"feedback\": null}, \"current_period_start\": 1730786972, \"pending_setup_intent\": null, \"default_payment_method\": null, \"application_fee_percent\": null, \"billing_cycle_anchor_config\": null, \"pending_invoice_item_interval\": null, \"next_pending_invoice_item_invoice\": null}','2024-11-05 06:09:42','2024-11-05 06:09:35','2024-11-05 12:01:44'),(24,12,12,'sub_1QHlS8KbRsWOj4sgSxmBVuHt','canceled',1733400104,NULL,'month','{\"id\": \"sub_1QHlS8KbRsWOj4sgSxmBVuHt\", \"plan\": {\"id\": \"price_1Q2pGGKbRsWOj4sgBjOl8JPP\", \"meter\": null, \"active\": true, \"amount\": 9900, \"object\": \"plan\", \"created\": 1727247824, \"product\": \"prod_QueZAxCq64MsVN\", \"currency\": \"pln\", \"interval\": \"month\", \"livemode\": false, \"metadata\": [], \"nickname\": null, \"tiers_mode\": null, \"usage_type\": \"licensed\", \"amount_decimal\": \"9900\", \"billing_scheme\": \"per_unit\", \"interval_count\": 1, \"aggregate_usage\": null, \"transform_usage\": null, \"trial_period_days\": null}, \"items\": {\"url\": \"/v1/subscription_items?subscription=sub_1QHlS8KbRsWOj4sgSxmBVuHt\", \"data\": [{\"id\": \"si_RA5dLBhQ3kMoNz\", \"plan\": {\"id\": \"price_1Q2pGGKbRsWOj4sgBjOl8JPP\", \"meter\": null, \"active\": true, \"amount\": 9900, \"object\": \"plan\", \"created\": 1727247824, \"product\": \"prod_QueZAxCq64MsVN\", \"currency\": \"pln\", \"interval\": \"month\", \"livemode\": false, \"metadata\": [], \"nickname\": null, \"tiers_mode\": null, \"usage_type\": \"licensed\", \"amount_decimal\": \"9900\", \"billing_scheme\": \"per_unit\", \"interval_count\": 1, \"aggregate_usage\": null, \"transform_usage\": null, \"trial_period_days\": null}, \"price\": {\"id\": \"price_1Q2pGGKbRsWOj4sgBjOl8JPP\", \"type\": \"recurring\", \"active\": true, \"object\": \"price\", \"created\": 1727247824, \"product\": \"prod_QueZAxCq64MsVN\", \"currency\": \"pln\", \"livemode\": false, \"metadata\": [], \"nickname\": null, \"recurring\": {\"meter\": null, \"interval\": \"month\", \"usage_type\": \"licensed\", \"interval_count\": 1, \"aggregate_usage\": null, \"trial_period_days\": null}, \"lookup_key\": null, \"tiers_mode\": null, \"unit_amount\": 9900, \"tax_behavior\": \"unspecified\", \"billing_scheme\": \"per_unit\", \"custom_unit_amount\": null, \"transform_quantity\": null, \"unit_amount_decimal\": \"9900\"}, \"object\": \"subscription_item\", \"created\": 1730808105, \"metadata\": [], \"quantity\": 1, \"discounts\": [], \"tax_rates\": [], \"subscription\": \"sub_1QHlS8KbRsWOj4sgSxmBVuHt\", \"billing_thresholds\": null}], \"object\": \"list\", \"has_more\": false, \"total_count\": 1}, \"object\": \"subscription\", \"status\": \"active\", \"created\": 1730808104, \"currency\": \"pln\", \"customer\": \"cus_R9zvzL6Y1rbZxg\", \"discount\": null, \"ended_at\": null, \"livemode\": false, \"metadata\": [], \"quantity\": 1, \"schedule\": null, \"cancel_at\": null, \"discounts\": [], \"trial_end\": null, \"start_date\": 1730808104, \"test_clock\": null, \"application\": null, \"canceled_at\": null, \"description\": null, \"trial_start\": null, \"on_behalf_of\": null, \"automatic_tax\": {\"enabled\": false, \"liability\": null}, \"transfer_data\": null, \"days_until_due\": null, \"default_source\": null, \"latest_invoice\": \"in_1QHlS8KbRsWOj4sg6GTDBhPu\", \"pending_update\": null, \"trial_settings\": {\"end_behavior\": {\"missing_payment_method\": \"create_invoice\"}}, \"invoice_settings\": {\"issuer\": {\"type\": \"self\"}, \"account_tax_ids\": null}, \"pause_collection\": null, \"payment_settings\": {\"payment_method_types\": null, \"payment_method_options\": null, \"save_default_payment_method\": \"off\"}, \"collection_method\": \"charge_automatically\", \"default_tax_rates\": [], \"billing_thresholds\": null, \"current_period_end\": 1733400104, \"billing_cycle_anchor\": 1730808104, \"cancel_at_period_end\": false, \"cancellation_details\": {\"reason\": null, \"comment\": null, \"feedback\": null}, \"current_period_start\": 1730808104, \"pending_setup_intent\": null, \"default_payment_method\": \"pm_1QHfxFKbRsWOj4sgFglfejih\", \"application_fee_percent\": null, \"billing_cycle_anchor_config\": null, \"pending_invoice_item_interval\": null, \"next_pending_invoice_item_invoice\": null}','2024-11-05 12:01:49','2024-11-05 12:01:47','2024-11-06 17:02:59'),(25,12,7,'','canceled',1733504580,NULL,'month',NULL,NULL,'2024-11-06 17:03:00','2024-11-06 17:15:34'),(26,12,11,'sub_1QICpPKbRsWOj4sgzBfLVvTh','active',1733505334,NULL,'month','{\"id\": \"sub_1QICpPKbRsWOj4sgzBfLVvTh\", \"plan\": {\"id\": \"price_1Q2pCVKbRsWOj4sgSIrqizbu\", \"meter\": null, \"active\": true, \"amount\": 3900, \"object\": \"plan\", \"created\": 1727247591, \"product\": \"prod_QueVRmLrcJvsk2\", \"currency\": \"pln\", \"interval\": \"month\", \"livemode\": false, \"metadata\": [], \"nickname\": null, \"tiers_mode\": null, \"usage_type\": \"licensed\", \"amount_decimal\": \"3900\", \"billing_scheme\": \"per_unit\", \"interval_count\": 1, \"aggregate_usage\": null, \"transform_usage\": null, \"trial_period_days\": null}, \"items\": {\"url\": \"/v1/subscription_items?subscription=sub_1QICpPKbRsWOj4sgzBfLVvTh\", \"data\": [{\"id\": \"si_RAXvIkoAIonjsi\", \"plan\": {\"id\": \"price_1Q2pCVKbRsWOj4sgSIrqizbu\", \"meter\": null, \"active\": true, \"amount\": 3900, \"object\": \"plan\", \"created\": 1727247591, \"product\": \"prod_QueVRmLrcJvsk2\", \"currency\": \"pln\", \"interval\": \"month\", \"livemode\": false, \"metadata\": [], \"nickname\": null, \"tiers_mode\": null, \"usage_type\": \"licensed\", \"amount_decimal\": \"3900\", \"billing_scheme\": \"per_unit\", \"interval_count\": 1, \"aggregate_usage\": null, \"transform_usage\": null, \"trial_period_days\": null}, \"price\": {\"id\": \"price_1Q2pCVKbRsWOj4sgSIrqizbu\", \"type\": \"recurring\", \"active\": true, \"object\": \"price\", \"created\": 1727247591, \"product\": \"prod_QueVRmLrcJvsk2\", \"currency\": \"pln\", \"livemode\": false, \"metadata\": [], \"nickname\": null, \"recurring\": {\"meter\": null, \"interval\": \"month\", \"usage_type\": \"licensed\", \"interval_count\": 1, \"aggregate_usage\": null, \"trial_period_days\": null}, \"lookup_key\": null, \"tiers_mode\": null, \"unit_amount\": 3900, \"tax_behavior\": \"unspecified\", \"billing_scheme\": \"per_unit\", \"custom_unit_amount\": null, \"transform_quantity\": null, \"unit_amount_decimal\": \"3900\"}, \"object\": \"subscription_item\", \"created\": 1730913335, \"metadata\": [], \"quantity\": 1, \"discounts\": [], \"tax_rates\": [], \"subscription\": \"sub_1QICpPKbRsWOj4sgzBfLVvTh\", \"billing_thresholds\": null}], \"object\": \"list\", \"has_more\": false, \"total_count\": 1}, \"object\": \"subscription\", \"status\": \"active\", \"created\": 1730913334, \"currency\": \"pln\", \"customer\": \"cus_R9zvzL6Y1rbZxg\", \"discount\": null, \"ended_at\": null, \"livemode\": false, \"metadata\": [], \"quantity\": 1, \"schedule\": null, \"cancel_at\": null, \"discounts\": [], \"trial_end\": null, \"start_date\": 1730913334, \"test_clock\": null, \"application\": null, \"canceled_at\": null, \"description\": null, \"trial_start\": null, \"on_behalf_of\": null, \"automatic_tax\": {\"enabled\": false, \"liability\": null}, \"transfer_data\": null, \"days_until_due\": null, \"default_source\": null, \"latest_invoice\": \"in_1QICpPKbRsWOj4sgBcnAGRHm\", \"pending_update\": null, \"trial_settings\": {\"end_behavior\": {\"missing_payment_method\": \"create_invoice\"}}, \"invoice_settings\": {\"issuer\": {\"type\": \"self\"}, \"account_tax_ids\": null}, \"pause_collection\": null, \"payment_settings\": {\"payment_method_types\": null, \"payment_method_options\": null, \"save_default_payment_method\": \"off\"}, \"collection_method\": \"charge_automatically\", \"default_tax_rates\": [], \"billing_thresholds\": null, \"current_period_end\": 1733505334, \"billing_cycle_anchor\": 1730913334, \"cancel_at_period_end\": false, \"cancellation_details\": {\"reason\": null, \"comment\": null, \"feedback\": null}, \"current_period_start\": 1730913334, \"pending_setup_intent\": null, \"default_payment_method\": \"pm_1QHfxFKbRsWOj4sgFglfejih\", \"application_fee_percent\": null, \"billing_cycle_anchor_config\": null, \"pending_invoice_item_interval\": null, \"next_pending_invoice_item_invoice\": null}','2024-11-06 17:15:38','2024-11-06 17:15:36','2024-11-06 17:15:38'),(27,14,7,'','canceled',1734351110,NULL,'month',NULL,NULL,'2024-11-16 12:11:50','2024-11-16 19:21:55'),(28,14,11,'sub_1QLrZ9KbRsWOj4sgySKPXyUl','canceled',1734376915,NULL,'month','{\"id\": \"sub_1QLrZ9KbRsWOj4sgySKPXyUl\", \"plan\": {\"id\": \"price_1Q2pCVKbRsWOj4sgSIrqizbu\", \"meter\": null, \"active\": true, \"amount\": 3900, \"object\": \"plan\", \"created\": 1727247591, \"product\": \"prod_QueVRmLrcJvsk2\", \"currency\": \"pln\", \"interval\": \"month\", \"livemode\": false, \"metadata\": [], \"nickname\": null, \"tiers_mode\": null, \"usage_type\": \"licensed\", \"amount_decimal\": \"3900\", \"billing_scheme\": \"per_unit\", \"interval_count\": 1, \"aggregate_usage\": null, \"transform_usage\": null, \"trial_period_days\": null}, \"items\": {\"url\": \"/v1/subscription_items?subscription=sub_1QLrZ9KbRsWOj4sgySKPXyUl\", \"data\": [{\"id\": \"si_REKD6hs6i8gKw3\", \"plan\": {\"id\": \"price_1Q2pCVKbRsWOj4sgSIrqizbu\", \"meter\": null, \"active\": true, \"amount\": 3900, \"object\": \"plan\", \"created\": 1727247591, \"product\": \"prod_QueVRmLrcJvsk2\", \"currency\": \"pln\", \"interval\": \"month\", \"livemode\": false, \"metadata\": [], \"nickname\": null, \"tiers_mode\": null, \"usage_type\": \"licensed\", \"amount_decimal\": \"3900\", \"billing_scheme\": \"per_unit\", \"interval_count\": 1, \"aggregate_usage\": null, \"transform_usage\": null, \"trial_period_days\": null}, \"price\": {\"id\": \"price_1Q2pCVKbRsWOj4sgSIrqizbu\", \"type\": \"recurring\", \"active\": true, \"object\": \"price\", \"created\": 1727247591, \"product\": \"prod_QueVRmLrcJvsk2\", \"currency\": \"pln\", \"livemode\": false, \"metadata\": [], \"nickname\": null, \"recurring\": {\"meter\": null, \"interval\": \"month\", \"usage_type\": \"licensed\", \"interval_count\": 1, \"aggregate_usage\": null, \"trial_period_days\": null}, \"lookup_key\": null, \"tiers_mode\": null, \"unit_amount\": 3900, \"tax_behavior\": \"unspecified\", \"billing_scheme\": \"per_unit\", \"custom_unit_amount\": null, \"transform_quantity\": null, \"unit_amount_decimal\": \"3900\"}, \"object\": \"subscription_item\", \"created\": 1731784916, \"metadata\": [], \"quantity\": 1, \"discounts\": [], \"tax_rates\": [], \"subscription\": \"sub_1QLrZ9KbRsWOj4sgySKPXyUl\", \"billing_thresholds\": null}], \"object\": \"list\", \"has_more\": false, \"total_count\": 1}, \"object\": \"subscription\", \"status\": \"active\", \"created\": 1731784915, \"currency\": \"pln\", \"customer\": \"cus_REKDqHX4CAoZjr\", \"discount\": null, \"ended_at\": null, \"livemode\": false, \"metadata\": [], \"quantity\": 1, \"schedule\": null, \"cancel_at\": null, \"discounts\": [], \"trial_end\": null, \"start_date\": 1731784915, \"test_clock\": null, \"application\": null, \"canceled_at\": null, \"description\": null, \"trial_start\": null, \"on_behalf_of\": null, \"automatic_tax\": {\"enabled\": false, \"liability\": null}, \"transfer_data\": null, \"days_until_due\": null, \"default_source\": null, \"latest_invoice\": \"in_1QLrZ9KbRsWOj4sgxqum59ij\", \"pending_update\": null, \"trial_settings\": {\"end_behavior\": {\"missing_payment_method\": \"create_invoice\"}}, \"invoice_settings\": {\"issuer\": {\"type\": \"self\"}, \"account_tax_ids\": null}, \"pause_collection\": null, \"payment_settings\": {\"payment_method_types\": null, \"payment_method_options\": null, \"save_default_payment_method\": \"off\"}, \"collection_method\": \"charge_automatically\", \"default_tax_rates\": [], \"billing_thresholds\": null, \"current_period_end\": 1734376915, \"billing_cycle_anchor\": 1731784915, \"cancel_at_period_end\": false, \"cancellation_details\": {\"reason\": null, \"comment\": null, \"feedback\": null}, \"current_period_start\": 1731784915, \"pending_setup_intent\": null, \"default_payment_method\": \"pm_1QLrYmKbRsWOj4sg2MoTDHpR\", \"application_fee_percent\": null, \"billing_cycle_anchor_config\": null, \"pending_invoice_item_interval\": null, \"next_pending_invoice_item_invoice\": null}','2024-11-16 19:22:00','2024-11-16 19:21:58','2024-11-16 19:32:55'),(29,14,12,'sub_1QLrjnKbRsWOj4sg7mlHyHCI','canceled',1734377575,NULL,'month','{\"id\": \"sub_1QLrjnKbRsWOj4sg7mlHyHCI\", \"plan\": {\"id\": \"price_1Q2pGGKbRsWOj4sgBjOl8JPP\", \"meter\": null, \"active\": true, \"amount\": 9900, \"object\": \"plan\", \"created\": 1727247824, \"product\": \"prod_QueZAxCq64MsVN\", \"currency\": \"pln\", \"interval\": \"month\", \"livemode\": false, \"metadata\": [], \"nickname\": null, \"tiers_mode\": null, \"usage_type\": \"licensed\", \"amount_decimal\": \"9900\", \"billing_scheme\": \"per_unit\", \"interval_count\": 1, \"aggregate_usage\": null, \"transform_usage\": null, \"trial_period_days\": null}, \"items\": {\"url\": \"/v1/subscription_items?subscription=sub_1QLrjnKbRsWOj4sg7mlHyHCI\", \"data\": [{\"id\": \"si_REKOJ0JxvhGabv\", \"plan\": {\"id\": \"price_1Q2pGGKbRsWOj4sgBjOl8JPP\", \"meter\": null, \"active\": true, \"amount\": 9900, \"object\": \"plan\", \"created\": 1727247824, \"product\": \"prod_QueZAxCq64MsVN\", \"currency\": \"pln\", \"interval\": \"month\", \"livemode\": false, \"metadata\": [], \"nickname\": null, \"tiers_mode\": null, \"usage_type\": \"licensed\", \"amount_decimal\": \"9900\", \"billing_scheme\": \"per_unit\", \"interval_count\": 1, \"aggregate_usage\": null, \"transform_usage\": null, \"trial_period_days\": null}, \"price\": {\"id\": \"price_1Q2pGGKbRsWOj4sgBjOl8JPP\", \"type\": \"recurring\", \"active\": true, \"object\": \"price\", \"created\": 1727247824, \"product\": \"prod_QueZAxCq64MsVN\", \"currency\": \"pln\", \"livemode\": false, \"metadata\": [], \"nickname\": null, \"recurring\": {\"meter\": null, \"interval\": \"month\", \"usage_type\": \"licensed\", \"interval_count\": 1, \"aggregate_usage\": null, \"trial_period_days\": null}, \"lookup_key\": null, \"tiers_mode\": null, \"unit_amount\": 9900, \"tax_behavior\": \"unspecified\", \"billing_scheme\": \"per_unit\", \"custom_unit_amount\": null, \"transform_quantity\": null, \"unit_amount_decimal\": \"9900\"}, \"object\": \"subscription_item\", \"created\": 1731785575, \"metadata\": [], \"quantity\": 1, \"discounts\": [], \"tax_rates\": [], \"subscription\": \"sub_1QLrjnKbRsWOj4sg7mlHyHCI\", \"billing_thresholds\": null}], \"object\": \"list\", \"has_more\": false, \"total_count\": 1}, \"object\": \"subscription\", \"status\": \"active\", \"created\": 1731785575, \"currency\": \"pln\", \"customer\": \"cus_REKDqHX4CAoZjr\", \"discount\": null, \"ended_at\": null, \"livemode\": false, \"metadata\": [], \"quantity\": 1, \"schedule\": null, \"cancel_at\": null, \"discounts\": [], \"trial_end\": null, \"start_date\": 1731785575, \"test_clock\": null, \"application\": null, \"canceled_at\": null, \"description\": null, \"trial_start\": null, \"on_behalf_of\": null, \"automatic_tax\": {\"enabled\": false, \"liability\": null}, \"transfer_data\": null, \"days_until_due\": null, \"default_source\": null, \"latest_invoice\": \"in_1QLrjnKbRsWOj4sgPk2Buzfv\", \"pending_update\": null, \"trial_settings\": {\"end_behavior\": {\"missing_payment_method\": \"create_invoice\"}}, \"invoice_settings\": {\"issuer\": {\"type\": \"self\"}, \"account_tax_ids\": null}, \"pause_collection\": null, \"payment_settings\": {\"payment_method_types\": null, \"payment_method_options\": null, \"save_default_payment_method\": \"off\"}, \"collection_method\": \"charge_automatically\", \"default_tax_rates\": [], \"billing_thresholds\": null, \"current_period_end\": 1734377575, \"billing_cycle_anchor\": 1731785575, \"cancel_at_period_end\": false, \"cancellation_details\": {\"reason\": null, \"comment\": null, \"feedback\": null}, \"current_period_start\": 1731785575, \"pending_setup_intent\": null, \"default_payment_method\": \"pm_1QLrYmKbRsWOj4sg2MoTDHpR\", \"application_fee_percent\": null, \"billing_cycle_anchor_config\": null, \"pending_invoice_item_interval\": null, \"next_pending_invoice_item_invoice\": null}','2024-11-16 19:33:20','2024-11-16 19:32:57','2024-11-16 19:43:11'),(30,14,13,'sub_1QLrtjKbRsWOj4sgcjZyv6Ts','active',1734378191,NULL,'month','{\"id\": \"sub_1QLrtjKbRsWOj4sgcjZyv6Ts\", \"plan\": {\"id\": \"price_1Q2pGiKbRsWOj4sgNDazSZ1G\", \"meter\": null, \"active\": true, \"amount\": 149900, \"object\": \"plan\", \"created\": 1727247852, \"product\": \"prod_QueZD1YSX2ZSdq\", \"currency\": \"pln\", \"interval\": \"month\", \"livemode\": false, \"metadata\": [], \"nickname\": null, \"tiers_mode\": null, \"usage_type\": \"licensed\", \"amount_decimal\": \"149900\", \"billing_scheme\": \"per_unit\", \"interval_count\": 1, \"aggregate_usage\": null, \"transform_usage\": null, \"trial_period_days\": null}, \"items\": {\"url\": \"/v1/subscription_items?subscription=sub_1QLrtjKbRsWOj4sgcjZyv6Ts\", \"data\": [{\"id\": \"si_REKYDaacwpoZNZ\", \"plan\": {\"id\": \"price_1Q2pGiKbRsWOj4sgNDazSZ1G\", \"meter\": null, \"active\": true, \"amount\": 149900, \"object\": \"plan\", \"created\": 1727247852, \"product\": \"prod_QueZD1YSX2ZSdq\", \"currency\": \"pln\", \"interval\": \"month\", \"livemode\": false, \"metadata\": [], \"nickname\": null, \"tiers_mode\": null, \"usage_type\": \"licensed\", \"amount_decimal\": \"149900\", \"billing_scheme\": \"per_unit\", \"interval_count\": 1, \"aggregate_usage\": null, \"transform_usage\": null, \"trial_period_days\": null}, \"price\": {\"id\": \"price_1Q2pGiKbRsWOj4sgNDazSZ1G\", \"type\": \"recurring\", \"active\": true, \"object\": \"price\", \"created\": 1727247852, \"product\": \"prod_QueZD1YSX2ZSdq\", \"currency\": \"pln\", \"livemode\": false, \"metadata\": [], \"nickname\": null, \"recurring\": {\"meter\": null, \"interval\": \"month\", \"usage_type\": \"licensed\", \"interval_count\": 1, \"aggregate_usage\": null, \"trial_period_days\": null}, \"lookup_key\": null, \"tiers_mode\": null, \"unit_amount\": 149900, \"tax_behavior\": \"unspecified\", \"billing_scheme\": \"per_unit\", \"custom_unit_amount\": null, \"transform_quantity\": null, \"unit_amount_decimal\": \"149900\"}, \"object\": \"subscription_item\", \"created\": 1731786191, \"metadata\": [], \"quantity\": 1, \"discounts\": [], \"tax_rates\": [], \"subscription\": \"sub_1QLrtjKbRsWOj4sgcjZyv6Ts\", \"billing_thresholds\": null}], \"object\": \"list\", \"has_more\": false, \"total_count\": 1}, \"object\": \"subscription\", \"status\": \"active\", \"created\": 1731786191, \"currency\": \"pln\", \"customer\": \"cus_REKDqHX4CAoZjr\", \"discount\": null, \"ended_at\": null, \"livemode\": false, \"metadata\": [], \"quantity\": 1, \"schedule\": null, \"cancel_at\": null, \"discounts\": [], \"trial_end\": null, \"start_date\": 1731786191, \"test_clock\": null, \"application\": null, \"canceled_at\": null, \"description\": null, \"trial_start\": null, \"on_behalf_of\": null, \"automatic_tax\": {\"enabled\": false, \"liability\": null}, \"transfer_data\": null, \"days_until_due\": null, \"default_source\": null, \"latest_invoice\": \"in_1QLrtjKbRsWOj4sg96oQwkwg\", \"pending_update\": null, \"trial_settings\": {\"end_behavior\": {\"missing_payment_method\": \"create_invoice\"}}, \"invoice_settings\": {\"issuer\": {\"type\": \"self\"}, \"account_tax_ids\": null}, \"pause_collection\": null, \"payment_settings\": {\"payment_method_types\": null, \"payment_method_options\": null, \"save_default_payment_method\": \"off\"}, \"collection_method\": \"charge_automatically\", \"default_tax_rates\": [], \"billing_thresholds\": null, \"current_period_end\": 1734378191, \"billing_cycle_anchor\": 1731786191, \"cancel_at_period_end\": false, \"cancellation_details\": {\"reason\": null, \"comment\": null, \"feedback\": null}, \"current_period_start\": 1731786191, \"pending_setup_intent\": null, \"default_payment_method\": \"pm_1QLrYmKbRsWOj4sg2MoTDHpR\", \"application_fee_percent\": null, \"billing_cycle_anchor_config\": null, \"pending_invoice_item_interval\": null, \"next_pending_invoice_item_invoice\": null}','2024-11-16 19:43:15','2024-11-16 19:43:13','2024-11-16 19:43:15'),(31,2,12,'sub_1QMUVYKbRsWOj4sga77W9Znh','canceled',1763470608,NULL,'year','{\"id\": \"sub_1QMUVYKbRsWOj4sga77W9Znh\", \"plan\": {\"id\": \"price_1Q2pGGKbRsWOj4sgrCkq38J6\", \"meter\": null, \"active\": true, \"amount\": 95000, \"object\": \"plan\", \"created\": 1727247824, \"product\": \"prod_QueZAxCq64MsVN\", \"currency\": \"pln\", \"interval\": \"year\", \"livemode\": false, \"metadata\": [], \"nickname\": null, \"tiers_mode\": null, \"usage_type\": \"licensed\", \"amount_decimal\": \"95000\", \"billing_scheme\": \"per_unit\", \"interval_count\": 1, \"aggregate_usage\": null, \"transform_usage\": null, \"trial_period_days\": null}, \"items\": {\"url\": \"/v1/subscription_items?subscription=sub_1QMUVYKbRsWOj4sga77W9Znh\", \"data\": [{\"id\": \"si_REySIndzzE4mnn\", \"plan\": {\"id\": \"price_1Q2pGGKbRsWOj4sgrCkq38J6\", \"meter\": null, \"active\": true, \"amount\": 95000, \"object\": \"plan\", \"created\": 1727247824, \"product\": \"prod_QueZAxCq64MsVN\", \"currency\": \"pln\", \"interval\": \"year\", \"livemode\": false, \"metadata\": [], \"nickname\": null, \"tiers_mode\": null, \"usage_type\": \"licensed\", \"amount_decimal\": \"95000\", \"billing_scheme\": \"per_unit\", \"interval_count\": 1, \"aggregate_usage\": null, \"transform_usage\": null, \"trial_period_days\": null}, \"price\": {\"id\": \"price_1Q2pGGKbRsWOj4sgrCkq38J6\", \"type\": \"recurring\", \"active\": true, \"object\": \"price\", \"created\": 1727247824, \"product\": \"prod_QueZAxCq64MsVN\", \"currency\": \"pln\", \"livemode\": false, \"metadata\": [], \"nickname\": null, \"recurring\": {\"meter\": null, \"interval\": \"year\", \"usage_type\": \"licensed\", \"interval_count\": 1, \"aggregate_usage\": null, \"trial_period_days\": null}, \"lookup_key\": null, \"tiers_mode\": null, \"unit_amount\": 95000, \"tax_behavior\": \"unspecified\", \"billing_scheme\": \"per_unit\", \"custom_unit_amount\": null, \"transform_quantity\": null, \"unit_amount_decimal\": \"95000\"}, \"object\": \"subscription_item\", \"created\": 1731934609, \"metadata\": [], \"quantity\": 1, \"discounts\": [], \"tax_rates\": [], \"subscription\": \"sub_1QMUVYKbRsWOj4sga77W9Znh\", \"billing_thresholds\": null}], \"object\": \"list\", \"has_more\": false, \"total_count\": 1}, \"object\": \"subscription\", \"status\": \"active\", \"created\": 1731934608, \"currency\": \"pln\", \"customer\": \"cus_QuN5UfkYSJJJZ8\", \"discount\": null, \"ended_at\": null, \"livemode\": false, \"metadata\": [], \"quantity\": 1, \"schedule\": null, \"cancel_at\": null, \"discounts\": [], \"trial_end\": null, \"start_date\": 1731934608, \"test_clock\": null, \"application\": null, \"canceled_at\": null, \"description\": null, \"trial_start\": null, \"on_behalf_of\": null, \"automatic_tax\": {\"enabled\": false, \"liability\": null}, \"transfer_data\": null, \"days_until_due\": null, \"default_source\": null, \"latest_invoice\": \"in_1QMUVYKbRsWOj4sgXOQMB0cr\", \"pending_update\": null, \"trial_settings\": {\"end_behavior\": {\"missing_payment_method\": \"create_invoice\"}}, \"invoice_settings\": {\"issuer\": {\"type\": \"self\"}, \"account_tax_ids\": null}, \"pause_collection\": null, \"payment_settings\": {\"payment_method_types\": null, \"payment_method_options\": null, \"save_default_payment_method\": \"off\"}, \"collection_method\": \"charge_automatically\", \"default_tax_rates\": [], \"billing_thresholds\": null, \"current_period_end\": 1763470608, \"billing_cycle_anchor\": 1731934608, \"cancel_at_period_end\": false, \"cancellation_details\": {\"reason\": null, \"comment\": null, \"feedback\": null}, \"current_period_start\": 1731934608, \"pending_setup_intent\": null, \"default_payment_method\": \"pm_1QHQeHKbRsWOj4sgvZT3psun\", \"application_fee_percent\": null, \"billing_cycle_anchor_config\": null, \"pending_invoice_item_interval\": null, \"next_pending_invoice_item_invoice\": null}','2024-11-18 12:56:52','2024-11-18 12:56:51','2024-11-18 12:58:22'),(36,2,11,'sub_1QMVY3KbRsWOj4sgYbroW59R','canceled',1734530607,NULL,'month','{\"id\": \"sub_1QMVY3KbRsWOj4sgYbroW59R\", \"plan\": {\"id\": \"price_1Q2pCVKbRsWOj4sgSIrqizbu\", \"meter\": null, \"active\": true, \"amount\": 3900, \"object\": \"plan\", \"created\": 1727247591, \"product\": \"prod_QueVRmLrcJvsk2\", \"currency\": \"pln\", \"interval\": \"month\", \"livemode\": false, \"metadata\": [], \"nickname\": null, \"tiers_mode\": null, \"usage_type\": \"licensed\", \"amount_decimal\": \"3900\", \"billing_scheme\": \"per_unit\", \"interval_count\": 1, \"aggregate_usage\": null, \"transform_usage\": null, \"trial_period_days\": null}, \"items\": {\"url\": \"/v1/subscription_items?subscription=sub_1QMVY3KbRsWOj4sgYbroW59R\", \"data\": [{\"id\": \"si_REzXRbw9PucD5x\", \"plan\": {\"id\": \"price_1Q2pCVKbRsWOj4sgSIrqizbu\", \"meter\": null, \"active\": true, \"amount\": 3900, \"object\": \"plan\", \"created\": 1727247591, \"product\": \"prod_QueVRmLrcJvsk2\", \"currency\": \"pln\", \"interval\": \"month\", \"livemode\": false, \"metadata\": [], \"nickname\": null, \"tiers_mode\": null, \"usage_type\": \"licensed\", \"amount_decimal\": \"3900\", \"billing_scheme\": \"per_unit\", \"interval_count\": 1, \"aggregate_usage\": null, \"transform_usage\": null, \"trial_period_days\": null}, \"price\": {\"id\": \"price_1Q2pCVKbRsWOj4sgSIrqizbu\", \"type\": \"recurring\", \"active\": true, \"object\": \"price\", \"created\": 1727247591, \"product\": \"prod_QueVRmLrcJvsk2\", \"currency\": \"pln\", \"livemode\": false, \"metadata\": [], \"nickname\": null, \"recurring\": {\"meter\": null, \"interval\": \"month\", \"usage_type\": \"licensed\", \"interval_count\": 1, \"aggregate_usage\": null, \"trial_period_days\": null}, \"lookup_key\": null, \"tiers_mode\": null, \"unit_amount\": 3900, \"tax_behavior\": \"unspecified\", \"billing_scheme\": \"per_unit\", \"custom_unit_amount\": null, \"transform_quantity\": null, \"unit_amount_decimal\": \"3900\"}, \"object\": \"subscription_item\", \"created\": 1731938607, \"metadata\": [], \"quantity\": 1, \"discounts\": [], \"tax_rates\": [], \"subscription\": \"sub_1QMVY3KbRsWOj4sgYbroW59R\", \"billing_thresholds\": null}], \"object\": \"list\", \"has_more\": false, \"total_count\": 1}, \"object\": \"subscription\", \"status\": \"active\", \"created\": 1731938607, \"currency\": \"pln\", \"customer\": \"cus_QuN5UfkYSJJJZ8\", \"discount\": null, \"ended_at\": null, \"livemode\": false, \"metadata\": [], \"quantity\": 1, \"schedule\": null, \"cancel_at\": null, \"discounts\": [], \"trial_end\": null, \"start_date\": 1731938607, \"test_clock\": null, \"application\": null, \"canceled_at\": null, \"description\": null, \"trial_start\": null, \"on_behalf_of\": null, \"automatic_tax\": {\"enabled\": false, \"liability\": null}, \"transfer_data\": null, \"days_until_due\": null, \"default_source\": null, \"latest_invoice\": \"in_1QMVY3KbRsWOj4sggx932iRD\", \"pending_update\": null, \"trial_settings\": {\"end_behavior\": {\"missing_payment_method\": \"create_invoice\"}}, \"invoice_settings\": {\"issuer\": {\"type\": \"self\"}, \"account_tax_ids\": null}, \"pause_collection\": null, \"payment_settings\": {\"payment_method_types\": null, \"payment_method_options\": null, \"save_default_payment_method\": \"off\"}, \"collection_method\": \"charge_automatically\", \"default_tax_rates\": [], \"billing_thresholds\": null, \"current_period_end\": 1734530607, \"billing_cycle_anchor\": 1731938607, \"cancel_at_period_end\": false, \"cancellation_details\": {\"reason\": null, \"comment\": null, \"feedback\": null}, \"current_period_start\": 1731938607, \"pending_setup_intent\": null, \"default_payment_method\": \"pm_1QHQeHKbRsWOj4sgvZT3psun\", \"application_fee_percent\": null, \"billing_cycle_anchor_config\": null, \"pending_invoice_item_interval\": null, \"next_pending_invoice_item_invoice\": null}','2024-11-18 14:03:30','2024-11-18 14:03:29','2024-12-05 08:51:45'),(37,15,7,'','canceled',1734717424,NULL,'month',NULL,NULL,'2024-11-20 17:57:04','2024-11-25 13:54:13'),(38,15,11,'sub_1QP2jxKbRsWOj4sg0omkYLii','canceled',1735134853,NULL,'month','{\"id\": \"sub_1QP2jxKbRsWOj4sg0omkYLii\", \"plan\": {\"id\": \"price_1Q2pCVKbRsWOj4sgSIrqizbu\", \"meter\": null, \"active\": true, \"amount\": 3900, \"object\": \"plan\", \"created\": 1727247591, \"product\": \"prod_QueVRmLrcJvsk2\", \"currency\": \"pln\", \"interval\": \"month\", \"livemode\": false, \"metadata\": [], \"nickname\": null, \"tiers_mode\": null, \"usage_type\": \"licensed\", \"amount_decimal\": \"3900\", \"billing_scheme\": \"per_unit\", \"interval_count\": 1, \"aggregate_usage\": null, \"transform_usage\": null, \"trial_period_days\": null}, \"items\": {\"url\": \"/v1/subscription_items?subscription=sub_1QP2jxKbRsWOj4sg0omkYLii\", \"data\": [{\"id\": \"si_RHbx7dRDVUAe9G\", \"plan\": {\"id\": \"price_1Q2pCVKbRsWOj4sgSIrqizbu\", \"meter\": null, \"active\": true, \"amount\": 3900, \"object\": \"plan\", \"created\": 1727247591, \"product\": \"prod_QueVRmLrcJvsk2\", \"currency\": \"pln\", \"interval\": \"month\", \"livemode\": false, \"metadata\": [], \"nickname\": null, \"tiers_mode\": null, \"usage_type\": \"licensed\", \"amount_decimal\": \"3900\", \"billing_scheme\": \"per_unit\", \"interval_count\": 1, \"aggregate_usage\": null, \"transform_usage\": null, \"trial_period_days\": null}, \"price\": {\"id\": \"price_1Q2pCVKbRsWOj4sgSIrqizbu\", \"type\": \"recurring\", \"active\": true, \"object\": \"price\", \"created\": 1727247591, \"product\": \"prod_QueVRmLrcJvsk2\", \"currency\": \"pln\", \"livemode\": false, \"metadata\": [], \"nickname\": null, \"recurring\": {\"meter\": null, \"interval\": \"month\", \"usage_type\": \"licensed\", \"interval_count\": 1, \"aggregate_usage\": null, \"trial_period_days\": null}, \"lookup_key\": null, \"tiers_mode\": null, \"unit_amount\": 3900, \"tax_behavior\": \"unspecified\", \"billing_scheme\": \"per_unit\", \"custom_unit_amount\": null, \"transform_quantity\": null, \"unit_amount_decimal\": \"3900\"}, \"object\": \"subscription_item\", \"created\": 1732542854, \"metadata\": [], \"quantity\": 1, \"discounts\": [], \"tax_rates\": [], \"subscription\": \"sub_1QP2jxKbRsWOj4sg0omkYLii\", \"billing_thresholds\": null}], \"object\": \"list\", \"has_more\": false, \"total_count\": 1}, \"object\": \"subscription\", \"status\": \"active\", \"created\": 1732542853, \"currency\": \"pln\", \"customer\": \"cus_RHbxqPNZSBavp4\", \"discount\": null, \"ended_at\": null, \"livemode\": false, \"metadata\": [], \"quantity\": 1, \"schedule\": null, \"cancel_at\": null, \"discounts\": [], \"trial_end\": null, \"start_date\": 1732542853, \"test_clock\": null, \"application\": null, \"canceled_at\": null, \"description\": null, \"trial_start\": null, \"on_behalf_of\": null, \"automatic_tax\": {\"enabled\": false, \"liability\": null}, \"transfer_data\": null, \"days_until_due\": null, \"default_source\": null, \"latest_invoice\": \"in_1QP2jxKbRsWOj4sgMgSBbrvA\", \"pending_update\": null, \"trial_settings\": {\"end_behavior\": {\"missing_payment_method\": \"create_invoice\"}}, \"invoice_settings\": {\"issuer\": {\"type\": \"self\"}, \"account_tax_ids\": null}, \"pause_collection\": null, \"payment_settings\": {\"payment_method_types\": null, \"payment_method_options\": null, \"save_default_payment_method\": \"off\"}, \"collection_method\": \"charge_automatically\", \"default_tax_rates\": [], \"billing_thresholds\": null, \"current_period_end\": 1735134853, \"billing_cycle_anchor\": 1732542853, \"cancel_at_period_end\": false, \"cancellation_details\": {\"reason\": null, \"comment\": null, \"feedback\": null}, \"current_period_start\": 1732542853, \"pending_setup_intent\": null, \"default_payment_method\": null, \"application_fee_percent\": null, \"billing_cycle_anchor_config\": null, \"pending_invoice_item_interval\": null, \"next_pending_invoice_item_invoice\": null}','2024-11-25 13:54:17','2024-11-25 13:54:16','2024-11-27 10:20:29'),(39,15,12,'sub_1QPiMDKbRsWOj4sgFgfLTj7e','active',1735294829,NULL,'month','{\"id\": \"sub_1QPiMDKbRsWOj4sgFgfLTj7e\", \"plan\": {\"id\": \"price_1Q2pGGKbRsWOj4sgBjOl8JPP\", \"meter\": null, \"active\": true, \"amount\": 9900, \"object\": \"plan\", \"created\": 1727247824, \"product\": \"prod_QueZAxCq64MsVN\", \"currency\": \"pln\", \"interval\": \"month\", \"livemode\": false, \"metadata\": [], \"nickname\": null, \"tiers_mode\": null, \"usage_type\": \"licensed\", \"amount_decimal\": \"9900\", \"billing_scheme\": \"per_unit\", \"interval_count\": 1, \"aggregate_usage\": null, \"transform_usage\": null, \"trial_period_days\": null}, \"items\": {\"url\": \"/v1/subscription_items?subscription=sub_1QPiMDKbRsWOj4sgFgfLTj7e\", \"data\": [{\"id\": \"si_RIIyKA4Cn4WU5s\", \"plan\": {\"id\": \"price_1Q2pGGKbRsWOj4sgBjOl8JPP\", \"meter\": null, \"active\": true, \"amount\": 9900, \"object\": \"plan\", \"created\": 1727247824, \"product\": \"prod_QueZAxCq64MsVN\", \"currency\": \"pln\", \"interval\": \"month\", \"livemode\": false, \"metadata\": [], \"nickname\": null, \"tiers_mode\": null, \"usage_type\": \"licensed\", \"amount_decimal\": \"9900\", \"billing_scheme\": \"per_unit\", \"interval_count\": 1, \"aggregate_usage\": null, \"transform_usage\": null, \"trial_period_days\": null}, \"price\": {\"id\": \"price_1Q2pGGKbRsWOj4sgBjOl8JPP\", \"type\": \"recurring\", \"active\": true, \"object\": \"price\", \"created\": 1727247824, \"product\": \"prod_QueZAxCq64MsVN\", \"currency\": \"pln\", \"livemode\": false, \"metadata\": [], \"nickname\": null, \"recurring\": {\"meter\": null, \"interval\": \"month\", \"usage_type\": \"licensed\", \"interval_count\": 1, \"aggregate_usage\": null, \"trial_period_days\": null}, \"lookup_key\": null, \"tiers_mode\": null, \"unit_amount\": 9900, \"tax_behavior\": \"unspecified\", \"billing_scheme\": \"per_unit\", \"custom_unit_amount\": null, \"transform_quantity\": null, \"unit_amount_decimal\": \"9900\"}, \"object\": \"subscription_item\", \"created\": 1732702829, \"metadata\": [], \"quantity\": 1, \"discounts\": [], \"tax_rates\": [], \"subscription\": \"sub_1QPiMDKbRsWOj4sgFgfLTj7e\", \"billing_thresholds\": null}], \"object\": \"list\", \"has_more\": false, \"total_count\": 1}, \"object\": \"subscription\", \"status\": \"active\", \"created\": 1732702829, \"currency\": \"pln\", \"customer\": \"cus_RHbxqPNZSBavp4\", \"discount\": null, \"ended_at\": null, \"livemode\": false, \"metadata\": [], \"quantity\": 1, \"schedule\": null, \"cancel_at\": null, \"discounts\": [], \"trial_end\": null, \"start_date\": 1732702829, \"test_clock\": null, \"application\": null, \"canceled_at\": null, \"description\": null, \"trial_start\": null, \"on_behalf_of\": null, \"automatic_tax\": {\"enabled\": false, \"liability\": null, \"disabled_reason\": null}, \"transfer_data\": null, \"days_until_due\": null, \"default_source\": null, \"latest_invoice\": \"in_1QPiMDKbRsWOj4sgDWc1wRBb\", \"pending_update\": null, \"trial_settings\": {\"end_behavior\": {\"missing_payment_method\": \"create_invoice\"}}, \"invoice_settings\": {\"issuer\": {\"type\": \"self\"}, \"account_tax_ids\": null}, \"pause_collection\": null, \"payment_settings\": {\"payment_method_types\": null, \"payment_method_options\": null, \"save_default_payment_method\": \"off\"}, \"collection_method\": \"charge_automatically\", \"default_tax_rates\": [], \"billing_thresholds\": null, \"current_period_end\": 1735294829, \"billing_cycle_anchor\": 1732702829, \"cancel_at_period_end\": false, \"cancellation_details\": {\"reason\": null, \"comment\": null, \"feedback\": null}, \"current_period_start\": 1732702829, \"pending_setup_intent\": null, \"default_payment_method\": \"pm_1QP2jvKbRsWOj4sgvitwDBkz\", \"application_fee_percent\": null, \"billing_cycle_anchor_config\": null, \"pending_invoice_item_interval\": null, \"next_pending_invoice_item_invoice\": null}','2024-11-27 10:20:34','2024-11-27 10:20:31','2024-11-27 10:20:34'),(40,2,12,'sub_1QSamkGRi0DfVXljeQA01obT','active',1736067105,NULL,'month','{\"id\": \"sub_1QSamkGRi0DfVXljeQA01obT\", \"plan\": {\"id\": \"price_1QSaPuGRi0DfVXljB5B2mulK\", \"meter\": null, \"active\": true, \"amount\": 9900, \"object\": \"plan\", \"created\": 1733387290, \"product\": \"prod_RLGx8zM5o1zDUN\", \"currency\": \"pln\", \"interval\": \"month\", \"livemode\": false, \"metadata\": [], \"nickname\": null, \"tiers_mode\": null, \"usage_type\": \"licensed\", \"amount_decimal\": \"9900\", \"billing_scheme\": \"per_unit\", \"interval_count\": 1, \"aggregate_usage\": null, \"transform_usage\": null, \"trial_period_days\": null}, \"items\": {\"url\": \"/v1/subscription_items?subscription=sub_1QSamkGRi0DfVXljeQA01obT\", \"data\": [{\"id\": \"si_RLHLID5XvIEFJj\", \"plan\": {\"id\": \"price_1QSaPuGRi0DfVXljB5B2mulK\", \"meter\": null, \"active\": true, \"amount\": 9900, \"object\": \"plan\", \"created\": 1733387290, \"product\": \"prod_RLGx8zM5o1zDUN\", \"currency\": \"pln\", \"interval\": \"month\", \"livemode\": false, \"metadata\": [], \"nickname\": null, \"tiers_mode\": null, \"usage_type\": \"licensed\", \"amount_decimal\": \"9900\", \"billing_scheme\": \"per_unit\", \"interval_count\": 1, \"aggregate_usage\": null, \"transform_usage\": null, \"trial_period_days\": null}, \"price\": {\"id\": \"price_1QSaPuGRi0DfVXljB5B2mulK\", \"type\": \"recurring\", \"active\": true, \"object\": \"price\", \"created\": 1733387290, \"product\": \"prod_RLGx8zM5o1zDUN\", \"currency\": \"pln\", \"livemode\": false, \"metadata\": [], \"nickname\": null, \"recurring\": {\"meter\": null, \"interval\": \"month\", \"usage_type\": \"licensed\", \"interval_count\": 1, \"aggregate_usage\": null, \"trial_period_days\": null}, \"lookup_key\": null, \"tiers_mode\": null, \"unit_amount\": 9900, \"tax_behavior\": \"unspecified\", \"billing_scheme\": \"per_unit\", \"custom_unit_amount\": null, \"transform_quantity\": null, \"unit_amount_decimal\": \"9900\"}, \"object\": \"subscription_item\", \"created\": 1733388706, \"metadata\": [], \"quantity\": 1, \"discounts\": [], \"tax_rates\": [], \"subscription\": \"sub_1QSamkGRi0DfVXljeQA01obT\", \"billing_thresholds\": null}], \"object\": \"list\", \"has_more\": false, \"total_count\": 1}, \"object\": \"subscription\", \"status\": \"active\", \"created\": 1733388705, \"currency\": \"pln\", \"customer\": \"cus_RLH7lICCjq6CQW\", \"discount\": null, \"ended_at\": null, \"livemode\": false, \"metadata\": [], \"quantity\": 1, \"schedule\": null, \"cancel_at\": null, \"discounts\": [], \"trial_end\": null, \"start_date\": 1733388705, \"test_clock\": null, \"application\": null, \"canceled_at\": null, \"description\": null, \"trial_start\": null, \"on_behalf_of\": null, \"automatic_tax\": {\"enabled\": false, \"liability\": null, \"disabled_reason\": null}, \"transfer_data\": null, \"days_until_due\": null, \"default_source\": null, \"latest_invoice\": \"in_1QSamkGRi0DfVXljbDxUbD9J\", \"pending_update\": null, \"trial_settings\": {\"end_behavior\": {\"missing_payment_method\": \"create_invoice\"}}, \"invoice_settings\": {\"issuer\": {\"type\": \"self\"}, \"account_tax_ids\": null}, \"pause_collection\": null, \"payment_settings\": {\"payment_method_types\": null, \"payment_method_options\": null, \"save_default_payment_method\": \"off\"}, \"collection_method\": \"charge_automatically\", \"default_tax_rates\": [], \"billing_thresholds\": null, \"current_period_end\": 1736067105, \"billing_cycle_anchor\": 1733388705, \"cancel_at_period_end\": false, \"cancellation_details\": {\"reason\": null, \"comment\": null, \"feedback\": null}, \"current_period_start\": 1733388705, \"pending_setup_intent\": null, \"default_payment_method\": \"pm_1QSaYsGRi0DfVXljjtiTYWhG\", \"application_fee_percent\": null, \"billing_cycle_anchor_config\": null, \"pending_invoice_item_interval\": null, \"next_pending_invoice_item_invoice\": null}','2024-12-05 08:51:49','2024-12-05 08:51:48','2024-12-05 08:51:50'),(41,16,7,'','canceled',1736088174,NULL,'month',NULL,NULL,'2024-12-05 14:42:54','2025-01-03 12:16:33'),(42,1,7,'','active',1736091242,NULL,'month',NULL,NULL,'2024-12-05 15:34:02','2024-12-05 15:34:02'),(43,17,7,'','canceled',1737293353,NULL,'month',NULL,NULL,'2024-12-19 13:29:13','2024-12-19 13:49:16'),(44,17,11,'sub_1QXk6KGRi0DfVXljqYqFB3Dt','active',1737294556,NULL,'month','{\"id\": \"sub_1QXk6KGRi0DfVXljqYqFB3Dt\", \"plan\": {\"id\": \"price_1QSbY5GRi0DfVXljGnDgmoQn\", \"meter\": null, \"active\": true, \"amount\": 3900, \"object\": \"plan\", \"created\": 1733391641, \"product\": \"prod_RLI8fyVdBJW42I\", \"currency\": \"pln\", \"interval\": \"month\", \"livemode\": true, \"metadata\": [], \"nickname\": null, \"tiers_mode\": null, \"usage_type\": \"licensed\", \"amount_decimal\": \"3900\", \"billing_scheme\": \"per_unit\", \"interval_count\": 1, \"aggregate_usage\": null, \"transform_usage\": null, \"trial_period_days\": null}, \"items\": {\"url\": \"/v1/subscription_items?subscription=sub_1QXk6KGRi0DfVXljqYqFB3Dt\", \"data\": [{\"id\": \"si_RQbIHPriC6qGJU\", \"plan\": {\"id\": \"price_1QSbY5GRi0DfVXljGnDgmoQn\", \"meter\": null, \"active\": true, \"amount\": 3900, \"object\": \"plan\", \"created\": 1733391641, \"product\": \"prod_RLI8fyVdBJW42I\", \"currency\": \"pln\", \"interval\": \"month\", \"livemode\": true, \"metadata\": [], \"nickname\": null, \"tiers_mode\": null, \"usage_type\": \"licensed\", \"amount_decimal\": \"3900\", \"billing_scheme\": \"per_unit\", \"interval_count\": 1, \"aggregate_usage\": null, \"transform_usage\": null, \"trial_period_days\": null}, \"price\": {\"id\": \"price_1QSbY5GRi0DfVXljGnDgmoQn\", \"type\": \"recurring\", \"active\": true, \"object\": \"price\", \"created\": 1733391641, \"product\": \"prod_RLI8fyVdBJW42I\", \"currency\": \"pln\", \"livemode\": true, \"metadata\": [], \"nickname\": null, \"recurring\": {\"meter\": null, \"interval\": \"month\", \"usage_type\": \"licensed\", \"interval_count\": 1, \"aggregate_usage\": null, \"trial_period_days\": null}, \"lookup_key\": null, \"tiers_mode\": null, \"unit_amount\": 3900, \"tax_behavior\": \"unspecified\", \"billing_scheme\": \"per_unit\", \"custom_unit_amount\": null, \"transform_quantity\": null, \"unit_amount_decimal\": \"3900\"}, \"object\": \"subscription_item\", \"created\": 1734616157, \"metadata\": [], \"quantity\": 1, \"discounts\": [], \"tax_rates\": [], \"subscription\": \"sub_1QXk6KGRi0DfVXljqYqFB3Dt\", \"billing_thresholds\": null}], \"object\": \"list\", \"has_more\": false, \"total_count\": 1}, \"object\": \"subscription\", \"status\": \"active\", \"created\": 1734616156, \"currency\": \"pln\", \"customer\": \"cus_RQbINAveFX8zHW\", \"discount\": null, \"ended_at\": null, \"livemode\": true, \"metadata\": [], \"quantity\": 1, \"schedule\": null, \"cancel_at\": null, \"discounts\": [], \"trial_end\": null, \"start_date\": 1734616156, \"test_clock\": null, \"application\": null, \"canceled_at\": null, \"description\": null, \"trial_start\": null, \"on_behalf_of\": null, \"automatic_tax\": {\"enabled\": false, \"liability\": null, \"disabled_reason\": null}, \"transfer_data\": null, \"days_until_due\": null, \"default_source\": null, \"latest_invoice\": \"in_1QXk6KGRi0DfVXljdLR0Kky7\", \"pending_update\": null, \"trial_settings\": {\"end_behavior\": {\"missing_payment_method\": \"create_invoice\"}}, \"invoice_settings\": {\"issuer\": {\"type\": \"self\"}, \"account_tax_ids\": null}, \"pause_collection\": null, \"payment_settings\": {\"payment_method_types\": null, \"payment_method_options\": null, \"save_default_payment_method\": \"off\"}, \"collection_method\": \"charge_automatically\", \"default_tax_rates\": [], \"billing_thresholds\": null, \"current_period_end\": 1737294556, \"billing_cycle_anchor\": 1734616156, \"cancel_at_period_end\": false, \"cancellation_details\": {\"reason\": null, \"comment\": null, \"feedback\": null}, \"current_period_start\": 1734616156, \"pending_setup_intent\": null, \"default_payment_method\": null, \"application_fee_percent\": null, \"billing_cycle_anchor_config\": null, \"pending_invoice_item_interval\": null, \"next_pending_invoice_item_invoice\": null}','2024-12-19 13:49:25','2024-12-19 13:49:19','2024-12-19 13:49:25'),(45,16,11,'sub_1Qd9nqGRi0DfVXlj0Y8sLmAo','canceled',1738584994,NULL,'month','{\"id\": \"sub_1Qd9nqGRi0DfVXlj0Y8sLmAo\", \"plan\": {\"id\": \"price_1QSbY5GRi0DfVXljGnDgmoQn\", \"meter\": null, \"active\": true, \"amount\": 3900, \"object\": \"plan\", \"created\": 1733391641, \"product\": \"prod_RLI8fyVdBJW42I\", \"currency\": \"pln\", \"interval\": \"month\", \"livemode\": true, \"metadata\": [], \"nickname\": null, \"tiers_mode\": null, \"usage_type\": \"licensed\", \"amount_decimal\": \"3900\", \"billing_scheme\": \"per_unit\", \"interval_count\": 1, \"aggregate_usage\": null, \"transform_usage\": null, \"trial_period_days\": null}, \"items\": {\"url\": \"/v1/subscription_items?subscription=sub_1Qd9nqGRi0DfVXlj0Y8sLmAo\", \"data\": [{\"id\": \"si_RWCCj1ZSoPPsbR\", \"plan\": {\"id\": \"price_1QSbY5GRi0DfVXljGnDgmoQn\", \"meter\": null, \"active\": true, \"amount\": 3900, \"object\": \"plan\", \"created\": 1733391641, \"product\": \"prod_RLI8fyVdBJW42I\", \"currency\": \"pln\", \"interval\": \"month\", \"livemode\": true, \"metadata\": [], \"nickname\": null, \"tiers_mode\": null, \"usage_type\": \"licensed\", \"amount_decimal\": \"3900\", \"billing_scheme\": \"per_unit\", \"interval_count\": 1, \"aggregate_usage\": null, \"transform_usage\": null, \"trial_period_days\": null}, \"price\": {\"id\": \"price_1QSbY5GRi0DfVXljGnDgmoQn\", \"type\": \"recurring\", \"active\": true, \"object\": \"price\", \"created\": 1733391641, \"product\": \"prod_RLI8fyVdBJW42I\", \"currency\": \"pln\", \"livemode\": true, \"metadata\": [], \"nickname\": null, \"recurring\": {\"meter\": null, \"interval\": \"month\", \"usage_type\": \"licensed\", \"interval_count\": 1, \"aggregate_usage\": null, \"trial_period_days\": null}, \"lookup_key\": null, \"tiers_mode\": null, \"unit_amount\": 3900, \"tax_behavior\": \"exclusive\", \"billing_scheme\": \"per_unit\", \"custom_unit_amount\": null, \"transform_quantity\": null, \"unit_amount_decimal\": \"3900\"}, \"object\": \"subscription_item\", \"created\": 1735906594, \"metadata\": [], \"quantity\": 1, \"discounts\": [], \"tax_rates\": [], \"subscription\": \"sub_1Qd9nqGRi0DfVXlj0Y8sLmAo\", \"billing_thresholds\": null}], \"object\": \"list\", \"has_more\": false, \"total_count\": 1}, \"object\": \"subscription\", \"status\": \"active\", \"created\": 1735906594, \"currency\": \"pln\", \"customer\": \"cus_RWCBc9XqFNeHRO\", \"discount\": null, \"ended_at\": null, \"livemode\": true, \"metadata\": [], \"quantity\": 1, \"schedule\": null, \"cancel_at\": null, \"discounts\": [], \"trial_end\": null, \"start_date\": 1735906594, \"test_clock\": null, \"application\": null, \"canceled_at\": null, \"description\": null, \"trial_start\": null, \"on_behalf_of\": null, \"automatic_tax\": {\"enabled\": false, \"liability\": null, \"disabled_reason\": null}, \"transfer_data\": null, \"days_until_due\": null, \"default_source\": null, \"latest_invoice\": \"in_1Qd9nqGRi0DfVXljoK0hp6fT\", \"pending_update\": null, \"trial_settings\": {\"end_behavior\": {\"missing_payment_method\": \"create_invoice\"}}, \"invoice_settings\": {\"issuer\": {\"type\": \"self\"}, \"account_tax_ids\": null}, \"pause_collection\": null, \"payment_settings\": {\"payment_method_types\": null, \"payment_method_options\": null, \"save_default_payment_method\": \"off\"}, \"collection_method\": \"charge_automatically\", \"default_tax_rates\": [], \"billing_thresholds\": null, \"current_period_end\": 1738584994, \"billing_cycle_anchor\": 1735906594, \"cancel_at_period_end\": false, \"cancellation_details\": {\"reason\": null, \"comment\": null, \"feedback\": null}, \"current_period_start\": 1735906594, \"pending_setup_intent\": null, \"default_payment_method\": null, \"application_fee_percent\": null, \"billing_cycle_anchor_config\": null, \"pending_invoice_item_interval\": null, \"next_pending_invoice_item_invoice\": null}','2025-01-03 12:16:41','2025-01-03 12:16:37','2025-01-03 12:17:33'),(46,16,7,'','active',1738585054,NULL,'month',NULL,NULL,'2025-01-03 12:17:34','2025-01-03 12:17:34'),(47,19,7,'','active',1738869933,NULL,'month',NULL,NULL,'2025-01-06 19:25:33','2025-01-06 19:25:33');

--
-- Table structure for table `support_chat_user`
--

CREATE TABLE `support_chat_user` (
  `id` bigint unsigned NOT NULL AUTO_INCREMENT,
  `support_chat_id` bigint unsigned NOT NULL,
  `user_id` bigint unsigned NOT NULL,
  `created_at` timestamp NULL DEFAULT NULL,
  `updated_at` timestamp NULL DEFAULT NULL,
  PRIMARY KEY (`id`),
  KEY `support_chat_user_support_chat_id_foreign` (`support_chat_id`),
  KEY `support_chat_user_user_id_foreign` (`user_id`),
  CONSTRAINT `support_chat_user_support_chat_id_foreign` FOREIGN KEY (`support_chat_id`) REFERENCES `support_chats` (`id`) ON DELETE CASCADE,
  CONSTRAINT `support_chat_user_user_id_foreign` FOREIGN KEY (`user_id`) REFERENCES `users` (`id`) ON DELETE CASCADE
) ENGINE=InnoDB AUTO_INCREMENT=14 DEFAULT CHARSET=utf8mb4 COLLATE=utf8mb4_unicode_ci;

--
-- Dumping data for table `support_chat_user`
--

INSERT INTO `support_chat_user` VALUES (10,10,2,NULL,NULL),(11,11,12,NULL,NULL),(12,12,14,NULL,NULL),(13,13,19,NULL,NULL);

--
-- Table structure for table `support_chats`
--

CREATE TABLE `support_chats` (
  `id` bigint unsigned NOT NULL AUTO_INCREMENT,
  `title` varchar(255) CHARACTER SET utf8mb4 COLLATE utf8mb4_unicode_ci DEFAULT NULL,
  `created_at` timestamp NULL DEFAULT NULL,
  `updated_at` timestamp NULL DEFAULT NULL,
  PRIMARY KEY (`id`)
) ENGINE=InnoDB AUTO_INCREMENT=14 DEFAULT CHARSET=utf8mb4 COLLATE=utf8mb4_unicode_ci;

--
-- Dumping data for table `support_chats`
--

INSERT INTO `support_chats` VALUES (10,NULL,'2024-10-31 12:36:58','2024-10-31 12:36:58'),(11,NULL,'2024-11-05 12:00:55','2024-11-05 12:00:55'),(12,NULL,'2024-11-16 19:18:57','2024-11-16 19:18:57'),(13,NULL,'2025-01-06 20:05:47','2025-01-06 20:05:47');

--
-- Table structure for table `translations`
--

CREATE TABLE `translations` (
  `id` bigint unsigned NOT NULL AUTO_INCREMENT,
  `translatable_id` bigint unsigned NOT NULL,
  `translatable_type` varchar(255) CHARACTER SET utf8mb4 COLLATE utf8mb4_unicode_ci NOT NULL,
  `locale` varchar(255) CHARACTER SET utf8mb4 COLLATE utf8mb4_unicode_ci NOT NULL,
  `field` varchar(255) CHARACTER SET utf8mb4 COLLATE utf8mb4_unicode_ci NOT NULL,
  `value` longtext CHARACTER SET utf8mb4 COLLATE utf8mb4_unicode_ci NOT NULL,
  `created_at` timestamp NULL DEFAULT NULL,
  `updated_at` timestamp NULL DEFAULT NULL,
  PRIMARY KEY (`id`)
) ENGINE=InnoDB AUTO_INCREMENT=21 DEFAULT CHARSET=utf8mb4 COLLATE=utf8mb4_unicode_ci;

--
-- Dumping data for table `translations`
--

INSERT INTO `translations` VALUES (1,1,'App\\Models\\Faq','en','question','What is CookiesFlow?','2024-10-18 04:02:03','2024-10-18 04:02:03'),(2,1,'App\\Models\\Faq','es','question','','2024-10-18 04:02:03','2024-10-18 04:02:03'),(3,1,'App\\Models\\Faq','en','answer','CookiesFlow works by scanning your website to identify cookies, categorizing them, and providing customizable cookie consent banners. It helps ensure that your website complies with relevant data protection regulations by obtaining user consent for cookie usage.','2024-10-18 04:02:03','2024-10-18 04:02:03'),(4,1,'App\\Models\\Faq','es','answer','','2024-10-18 04:02:03','2024-10-18 04:02:03'),(5,2,'App\\Models\\Faq','en','question','Czym jest CookiesFlow?','2024-11-10 05:41:37','2024-11-10 05:41:37'),(6,2,'App\\Models\\Faq','es','question','','2024-11-10 05:41:37','2024-11-10 05:41:37'),(7,2,'App\\Models\\Faq','en','answer','CookiesFlow to narzędzie typu cookie bot, które umożliwia dostosowanie strony internetowej do wymogów RODO, CCPA/CPRA, VCDPA, LGPD i POPIA. Oferuje funkcje związane z zarządzaniem zgodą na pliki cookie, automatycznym kategoryzowaniem cookies, integracją z Google Tag Managerem oraz możliwością dostosowania wyglądu banera zgody.','2024-11-10 05:41:37','2024-11-10 05:41:37'),(8,2,'App\\Models\\Faq','es','answer','','2024-11-10 05:41:37','2024-11-10 05:41:37'),(9,3,'App\\Models\\Faq','en','question','Czy CookiesFlow oferuje automatyczne kategoryzowanie plików cookie?','2024-11-10 05:42:02','2024-11-10 05:42:02'),(10,3,'App\\Models\\Faq','es','question','','2024-11-10 05:42:02','2024-11-10 05:42:02'),(11,3,'App\\Models\\Faq','en','answer','Tak, funkcja automatycznego kategoryzowania plików cookie jest dostępna od planu podstawowego wzwyż. Plan darmowy tej funkcji nie obejmuje.','2024-11-10 05:42:02','2024-11-10 05:42:02'),(12,3,'App\\Models\\Faq','es','answer','','2024-11-10 05:42:02','2024-11-10 05:42:02'),(13,4,'App\\Models\\Faq','en','question','Czy mogę skorzystać z rocznej subskrypcji z rabatem?','2024-11-10 05:42:30','2024-11-10 05:42:30'),(14,4,'App\\Models\\Faq','es','question','','2024-11-10 05:42:30','2024-11-10 05:42:30'),(15,4,'App\\Models\\Faq','en','answer','Tak, CookiesFlow oferuje zniżkę 20% przy opłacie za cały rok z góry na wszystkie plany.','2024-11-10 05:42:30','2024-11-10 05:42:30'),(16,4,'App\\Models\\Faq','es','answer','','2024-11-10 05:42:30','2024-11-10 05:42:30'),(17,5,'App\\Models\\Faq','en','question','Gdzie mogę uzyskać wsparcie techniczne?','2024-11-10 05:42:48','2024-11-10 05:42:48'),(18,5,'App\\Models\\Faq','es','question','','2024-11-10 05:42:48','2024-11-10 05:42:48'),(19,5,'App\\Models\\Faq','en','answer','Możesz skontaktować się z naszym zespołem wsparcia technicznego przez zakładkę „Contact Support” lub skorzystać z sekcji FAQ na stronie.','2024-11-10 05:42:48','2024-11-10 05:42:48'),(20,5,'App\\Models\\Faq','es','answer','','2024-11-10 05:42:48','2024-11-10 05:42:48');

--
-- Table structure for table `website_stats`
--

CREATE TABLE `website_stats` (
  `id` bigint unsigned NOT NULL AUTO_INCREMENT,
  `website_id` bigint unsigned NOT NULL,
  `views` int NOT NULL DEFAULT '0',
  `alerts` int NOT NULL DEFAULT '0',
  `complaints` int NOT NULL DEFAULT '0',
  `accept_count` bigint NOT NULL DEFAULT '0',
  `time` timestamp NOT NULL,
  `created_at` timestamp NULL DEFAULT NULL,
  `updated_at` timestamp NULL DEFAULT NULL,
  PRIMARY KEY (`id`),
  KEY `website_stats_website_id_foreign` (`website_id`),
  CONSTRAINT `website_stats_website_id_foreign` FOREIGN KEY (`website_id`) REFERENCES `websites` (`id`) ON DELETE CASCADE
) ENGINE=InnoDB AUTO_INCREMENT=77 DEFAULT CHARSET=utf8mb4 COLLATE=utf8mb4_unicode_ci;

--
-- Dumping data for table `website_stats`
--

INSERT INTO `website_stats` VALUES (1,1,5,0,0,0,'2024-09-25 20:59:59','2024-09-25 11:25:16','2024-09-25 11:55:45'),(2,1,25,0,0,0,'2024-09-26 20:59:59','2024-09-26 03:01:03','2024-09-26 11:08:16'),(3,1,1,0,0,0,'2024-09-30 20:59:59','2024-09-30 10:27:20','2024-09-30 10:27:20'),(4,1,1,0,0,0,'2024-10-01 20:59:59','2024-10-01 03:05:04','2024-10-01 03:05:04'),(5,1,163,0,0,0,'2024-10-02 20:59:59','2024-10-02 03:18:29','2024-10-02 12:24:06'),(6,1,147,0,0,0,'2024-10-03 20:59:59','2024-10-03 03:10:36','2024-10-03 10:09:39'),(7,1,13,0,0,0,'2024-10-17 20:59:59','2024-10-17 03:10:00','2024-10-17 10:55:22'),(8,1,12,0,0,0,'2024-10-18 20:59:59','2024-10-18 02:57:06','2024-10-18 10:31:21'),(9,1,3,0,0,0,'2024-10-20 20:59:59','2024-10-20 09:14:29','2024-10-20 09:17:25'),(10,1,75,0,0,0,'2024-10-23 20:59:59','2024-10-23 05:05:22','2024-10-23 11:24:13'),(11,1,35,0,0,0,'2024-10-24 20:59:59','2024-10-24 03:53:32','2024-10-24 12:04:57'),(12,1,8,0,0,0,'2024-10-25 20:59:59','2024-10-25 02:59:09','2024-10-25 04:10:23'),(13,1,1,0,0,0,'2024-10-28 21:59:59','2024-10-28 05:14:40','2024-10-28 05:14:40'),(14,1,39,0,0,0,'2024-10-29 21:59:59','2024-10-29 05:32:04','2024-10-29 13:37:57'),(15,1,12,0,0,0,'2024-10-30 21:59:59','2024-10-30 05:49:41','2024-10-30 11:08:03'),(16,1,17,0,0,0,'2024-10-31 21:59:59','2024-10-31 10:47:20','2024-10-31 13:59:20'),(18,1,18,0,0,10,'2024-11-01 23:59:59','2024-11-01 14:30:11','2024-11-01 22:29:11'),(19,1,5,0,0,3,'2024-11-02 23:59:59','2024-11-02 01:52:06','2024-11-02 21:48:59'),(20,1,31,0,0,6,'2024-11-04 23:59:59','2024-11-04 07:03:54','2024-11-04 17:53:20'),(22,1,11,0,0,2,'2024-11-05 23:59:59','2024-11-05 10:00:13','2024-11-05 13:12:02'),(24,11,19,0,0,1,'2024-11-06 23:59:59','2024-11-06 17:17:52','2024-11-06 19:35:33'),(25,11,131,0,0,0,'2024-11-07 23:59:59','2024-11-07 07:32:43','2024-11-07 08:22:32'),(26,1,19,0,0,0,'2024-11-08 23:59:59','2024-11-08 12:17:49','2024-11-08 14:08:35'),(27,12,7,0,0,0,'2024-11-11 23:59:59','2024-11-11 08:34:32','2024-11-11 08:58:07'),(28,1,8,0,0,1,'2024-11-11 23:59:59','2024-11-11 09:11:39','2024-11-11 09:48:07'),(29,1,4,0,0,0,'2024-11-15 23:59:59','2024-11-15 08:52:41','2024-11-15 13:48:49'),(30,1,6,0,0,0,'2024-11-16 23:59:59','2024-11-16 18:28:20','2024-11-16 18:45:03'),(31,13,10,0,0,2,'2024-11-16 23:59:59','2024-11-16 19:04:29','2024-11-16 19:40:02'),(32,1,9,0,0,0,'2024-11-18 23:59:59','2024-11-18 07:07:29','2024-11-18 15:36:09'),(33,1,1,0,0,0,'2024-11-19 23:59:59','2024-11-19 06:59:23','2024-11-19 06:59:23'),(36,1,4,0,0,0,'2024-11-21 23:59:59','2024-11-21 09:52:34','2024-11-21 12:27:34'),(37,1,1,0,0,0,'2024-11-22 23:59:59','2024-11-22 14:20:36','2024-11-22 14:20:36'),(40,18,100,0,0,35,'2024-11-26 23:59:59','2024-11-26 10:02:22','2024-11-26 23:31:38'),(41,18,100,0,0,32,'2024-11-27 23:59:59','2024-11-27 00:04:35','2024-11-27 23:41:11'),(42,19,10,0,0,3,'2024-11-27 23:59:59','2024-11-27 22:12:04','2024-11-27 23:51:02'),(43,18,200,0,0,12,'2024-11-28 23:59:59','2024-11-28 00:30:20','2024-11-28 23:39:34'),(44,19,31,0,0,3,'2024-11-28 23:59:59','2024-11-28 08:43:55','2024-11-28 23:37:23'),(45,1,5,0,0,0,'2024-11-28 23:59:59','2024-11-28 14:56:51','2024-11-28 15:25:31'),(46,18,546,0,0,19,'2024-11-29 23:59:59','2024-11-29 00:22:10','2024-11-29 23:52:10'),(47,19,34,0,0,6,'2024-11-29 23:59:59','2024-11-29 00:55:37','2024-11-29 23:38:58'),(48,1,20,0,0,2,'2024-11-29 23:59:59','2024-11-29 07:14:08','2024-11-29 13:52:48'),(49,18,428,0,0,20,'2024-11-30 23:59:59','2024-11-30 00:11:00','2024-11-30 23:53:55'),(50,19,3,0,0,0,'2024-11-30 23:59:59','2024-11-30 17:31:23','2024-11-30 19:13:01'),(51,18,350,0,0,19,'2024-12-01 23:59:59','2024-12-01 00:07:52','2024-12-01 23:47:07'),(52,19,4,0,0,1,'2024-12-01 23:59:59','2024-12-01 15:40:35','2024-12-01 16:43:55'),(53,18,335,0,0,16,'2024-12-02 23:59:59','2024-12-02 01:25:50','2024-12-02 23:58:43'),(54,19,6,0,0,0,'2024-12-02 23:59:59','2024-12-02 07:41:58','2024-12-02 17:54:46'),(55,1,184,0,0,9,'2024-12-02 23:59:59','2024-12-02 08:52:25','2024-12-02 18:30:39'),(56,18,274,0,0,11,'2024-12-03 23:59:59','2024-12-03 00:02:40','2024-12-03 23:06:06'),(57,19,6,0,0,0,'2024-12-03 23:59:59','2024-12-03 06:25:51','2024-12-03 23:16:25'),(58,18,265,0,0,13,'2024-12-04 23:59:59','2024-12-04 00:06:15','2024-12-04 23:09:19'),(59,19,4,0,0,1,'2024-12-04 23:59:59','2024-12-04 06:57:35','2024-12-04 20:14:06'),(60,18,51,0,0,5,'2024-12-05 23:59:59','2024-12-05 00:21:14','2024-12-05 09:38:32'),(61,19,2,0,0,0,'2024-12-05 23:59:59','2024-12-05 06:47:02','2024-12-05 07:37:44'),(62,1,2,0,0,0,'2024-12-05 23:59:59','2024-12-05 08:36:27','2024-12-05 09:31:45'),(63,11,10,0,0,2,'2024-12-16 23:59:59','2024-12-16 11:58:39','2024-12-16 23:03:13'),(64,11,17,0,0,1,'2024-12-17 23:59:59','2024-12-17 12:02:00','2024-12-17 22:27:52'),(65,11,5,0,0,0,'2024-12-18 23:59:59','2024-12-18 13:34:30','2024-12-18 22:34:31'),(66,11,12,0,0,0,'2024-12-19 23:59:59','2024-12-19 07:23:49','2024-12-19 15:02:33'),(67,11,10,0,0,0,'2024-12-20 23:59:59','2024-12-20 06:07:57','2024-12-20 18:46:54'),(68,11,24,0,0,0,'2024-12-21 23:59:59','2024-12-21 10:36:37','2024-12-21 19:14:40'),(69,11,3,0,0,0,'2025-01-01 23:59:59','2025-01-01 16:01:41','2025-01-01 19:17:33'),(70,11,5,0,0,0,'2025-01-02 23:59:59','2025-01-02 09:17:47','2025-01-02 22:54:13'),(71,11,13,0,0,0,'2025-01-03 23:59:59','2025-01-03 08:23:22','2025-01-03 20:12:41'),(72,11,1,0,0,0,'2025-01-04 23:59:59','2025-01-04 14:28:35','2025-01-04 14:28:35'),(73,11,6,0,0,0,'2025-01-05 23:59:59','2025-01-05 13:23:06','2025-01-05 22:11:36'),(74,11,37,0,0,0,'2025-01-06 23:59:59','2025-01-06 06:31:57','2025-01-06 22:40:51'),(75,11,7,0,0,0,'2025-01-07 23:59:59','2025-01-07 07:15:52','2025-01-07 13:53:02'),(76,11,4,0,0,0,'2025-01-08 23:59:59','2025-01-08 02:19:12','2025-01-08 08:34:54');


